{"id":129,"date":"2012-08-04T17:36:40","date_gmt":"2012-08-04T16:36:40","guid":{"rendered":"https:\/\/www.gps-carminat.com\/v3\/?page_id=129"},"modified":"2017-06-08T17:19:12","modified_gmt":"2017-06-08T15:19:12","slug":"nostalgie","status":"publish","type":"page","link":"https:\/\/www.gps-carminat.com\/v3\/carminat-navigation-informe-1\/nostalgie\/","title":{"rendered":"Nostalgie"},"content":{"rendered":"<p>Dans cette section plut\u00f4t particuli\u00e8re je vais vous pr\u00e9senter des syst\u00e8mes qui ne furent que tr\u00e8s peu r\u00e9pondus. Comme me l&rsquo;a dit un jour un ing\u00e9nieur de chez Renault:\u00a0<em>\u00a0\u00bb Comment va-t-on appeler ces Carminat? Les Carminat Navigation -1 ou -2 ? Il y avait d\u00e9j\u00e0 l&rsquo;info trafic sur ces appareils!!!\u00a0\u00bb<\/em><\/p>\n<p>On m&rsquo;a parl\u00e9 de la toute premi\u00e8re pr\u00e9sentation d&rsquo;un syst\u00e8me Carminat, il para\u00eetrait que ce fut sur une R25, pas plus d&rsquo;info et encore moins de photos&#8230; Mais j&rsquo;esp\u00e8re bien pouvoir en mettre un jour.<\/p>\n<div class=\"pubmain\">\n<script type=\"text\/javascript\"><!--\ngoogle_ad_client = \"ca-pub-6295180017562087\";\n\/* V3 *\/\ngoogle_ad_slot = \"8915205629\";\ngoogle_ad_width = 728;\ngoogle_ad_height = 90;\n\/\/-->\n<\/script><br \/>\n<script type=\"text\/javascript\"\nsrc=\"http:\/\/pagead2.googlesyndication.com\/pagead\/show_ads.js\">\n<\/script><\/div>\n<p>Tout d&rsquo;abord une photo d&rsquo;un syst\u00e8me issus d&rsquo;une Safrane de 98.<\/p>\n<p><img loading=\"lazy\" decoding=\"async\" class=\"alignnone\" src=\"\/v3\/images\/cni1\/nostalgie\/1.jpg\" alt=\"\" width=\"400\" height=\"300\" \/><\/p>\n<p>Une l\u00e9g\u00e8re \u00e9volution du syst\u00e8me toujours mont\u00e9 sur la Safrane mais aussi sur la Laguna I, on peut noter l&rsquo;autoradio \u00e0 K7.<\/p>\n<p><img loading=\"lazy\" decoding=\"async\" class=\"alignnone\" src=\"\/v3\/images\/cni1\/nostalgie\/2.jpg\" alt=\"\" width=\"350\" height=\"414\" \/><\/p>\n<p>Le calculateur lecteur CD Carminat et son UCC sur le c\u00f4t\u00e9.<\/p>\n<p><img loading=\"lazy\" decoding=\"async\" class=\"alignnone\" src=\"\/v3\/images\/cni1\/nostalgie\/3.jpg\" alt=\"\" width=\"800\" height=\"473\" \/><\/p>\n<p>L&rsquo;\u00e9cran de pr\u00e9sentation:<\/p>\n<p><img loading=\"lazy\" decoding=\"async\" class=\"alignnone\" src=\"\/v3\/images\/cni1\/nostalgie\/4.jpg\" alt=\"\" width=\"500\" height=\"421\" \/><\/p>\n<p>Vue d&rsquo;un menu de s\u00e9lection:<\/p>\n<p><img loading=\"lazy\" decoding=\"async\" class=\"alignnone\" src=\"\/v3\/images\/cni1\/nostalgie\/5.jpg\" alt=\"\" width=\"500\" height=\"395\" \/><\/p>\n<p>Vue de la cartographie (l\u00e0 on se dit que le CNI 1 \u00ab\u00a0moderne\u00a0\u00bb n&rsquo;est pas tr\u00e8s loin):<\/p>\n<p><img loading=\"lazy\" decoding=\"async\" class=\"alignnone\" src=\"\/v3\/images\/cni1\/nostalgie\/6.jpg\" alt=\"\" width=\"500\" height=\"355\" \/><\/p>\n<p>NOTE: j&rsquo;ait trouv\u00e9 quelques infos pour les mises \u00e0 jour sur ces dinosau&#8230; heu pionniers des GPS\u00a0<a href=\"\/v3\/cni1_maj_software.php\">ICI<\/a>.<\/p>\n<p>Le\u00a0<strong>Carminat Navigation Inform\u00e9 1 avec OSG<\/strong>\u00a0(Organisation du Syst\u00e8me Graphique)<br \/>\nIl n&rsquo;y en a eu qu&rsquo;une centaine de commercialis\u00e9e. C&rsquo;\u00e9tait pour la plupart sur des Velsatis Phase1 de service pour chefs d&rsquo;entreprise ou minist\u00e9riels, d\u00e9put\u00e9s et autres personnalit\u00e9s. Peu de demande pour les particuliers tant l&rsquo;option OSG KML\u00e9 (Kit Mains Libres \u00e9volu\u00e9) \u00e9tait ch\u00e8re et les portables limit\u00e9s. Il avait d\u00e9j\u00e0 les commandes vocales int\u00e9gr\u00e9es.<br \/>\nOn peut dire que c&rsquo;est le digne anc\u00eatre du CNC<\/p>\n<p><img loading=\"lazy\" decoding=\"async\" class=\"alignnone\" src=\"\/v3\/images\/cni1\/nostalgie\/7.jpg\" alt=\"\" width=\"587\" height=\"322\" \/><\/p>\n<!-- AddThis Advanced Settings generic via filter on the_content --><!-- AddThis Share Buttons generic via filter on the_content -->","protected":false},"excerpt":{"rendered":"<p>Dans cette section plut\u00f4t particuli\u00e8re je vais vous pr\u00e9senter des syst\u00e8mes qui ne furent que tr\u00e8s peu r\u00e9pondus. Comme me l&rsquo;a dit un jour un ing\u00e9nieur de chez Renault:\u00a0\u00a0\u00bb Comment va-t-on appeler ces Carminat? Les Carminat Navigation -1 ou -2 &hellip; <a href=\"https:\/\/www.gps-carminat.com\/v3\/carminat-navigation-informe-1\/nostalgie\/\">Continuer la lecture <span class=\"meta-nav\">&rarr;<\/span><\/a><!-- AddThis Advanced Settings generic via filter on get_the_excerpt --><!-- AddThis Share Buttons generic via filter on get_the_excerpt --><\/p>\n","protected":false},"author":1,"featured_media":0,"parent":93,"menu_order":3,"comment_status":"open","ping_status":"open","template":"","meta":{"advanced_seo_description":"","jetpack_seo_html_title":"","jetpack_seo_noindex":false,"footnotes":""},"class_list":["post-129","page","type-page","status-publish","hentry"],"jetpack_sharing_enabled":true,"_links":{"self":[{"href":"https:\/\/www.gps-carminat.com\/v3\/wp-json\/wp\/v2\/pages\/129","targetHints":{"allow":["GET"]}}],"collection":[{"href":"https:\/\/www.gps-carminat.com\/v3\/wp-json\/wp\/v2\/pages"}],"about":[{"href":"https:\/\/www.gps-carminat.com\/v3\/wp-json\/wp\/v2\/types\/page"}],"author":[{"embeddable":true,"href":"https:\/\/www.gps-carminat.com\/v3\/wp-json\/wp\/v2\/users\/1"}],"replies":[{"embeddable":true,"href":"https:\/\/www.gps-carminat.com\/v3\/wp-json\/wp\/v2\/comments?post=129"}],"version-history":[{"count":0,"href":"https:\/\/www.gps-carminat.com\/v3\/wp-json\/wp\/v2\/pages\/129\/revisions"}],"up":[{"embeddable":true,"href":"https:\/\/www.gps-carminat.com\/v3\/wp-json\/wp\/v2\/pages\/93"}],"wp:attachment":[{"href":"https:\/\/www.gps-carminat.com\/v3\/wp-json\/wp\/v2\/media?parent=129"}],"curies":[{"name":"wp","href":"https:\/\/api.w.org\/{rel}","templated":true}]}}