{"id":146,"date":"2012-08-04T19:40:41","date_gmt":"2012-08-04T18:40:41","guid":{"rendered":"https:\/\/www.gps-carminat.com\/v3\/?page_id=146"},"modified":"2017-06-28T14:03:40","modified_gmt":"2017-06-28T12:03:40","slug":"info-trafic","status":"publish","type":"page","link":"https:\/\/www.gps-carminat.com\/v3\/carminat-navigation-informe-1\/navigation\/info-trafic\/","title":{"rendered":"Info trafic"},"content":{"rendered":"<p>Les GPS Carminat Renault disposent d&rsquo;une fonction fort int\u00e9ressante qui est l&rsquo;info trafic. Il est bas\u00e9 sur la diffusion par les ondes d&rsquo;informations\u00a0<strong>TMC<\/strong>\u00a0(Traffic Message Channel). Cela permet de vous informer des perturbations en cours sur votre itin\u00e9raire (si vous avez programm\u00e9 un guidage) et de les afficher sur la carte (si vous \u00eates juste en mode carte). Contrairement \u00e0 la majorit\u00e9 des GPS fixes et nomades, Renault a pay\u00e9 la licence permettant d&rsquo;avoir les info trafic dites \u00ab\u00a0premium\u00a0\u00bb permettant de les capter en dehors des autoroutes.<\/p>\n<div class=\"pubmain\"><script type=\"text\/javascript\"><!-- google_ad_client = \"ca-pub-6295180017562087\"; \/* V3 *\/ google_ad_slot = \"8915205629\"; google_ad_width = 728; google_ad_height = 90; \/\/-->\n<\/script><br \/>\n<script type=\"text\/javascript\" src=\"http:\/\/pagead2.googlesyndication.com\/pagead\/show_ads.js\">\n<\/script><\/div>\n<div class=\"tableau\">\n<table id=\"tablepress-8\" class=\"tablepress tablepress-id-8\">\n<tbody>\n<tr class=\"row-1\">\n\t<td class=\"column-1\"><img decoding=\"async\" src=\"\/v3\/images\/cni1\/trafic\/19.jpg\" alt=\"\" \/><\/td><td class=\"column-2\">Tout d'abord pour avoir l'info trafic il faut le capter il faut pour cela que le TMC soit Vert au d\u00e9but puis qu'il affiche le nom de la soci\u00e9t\u00e9 qui diffuse les informations, V-Trafic pour la r\u00e9gion parisienne<\/td>\n<\/tr>\n<tr class=\"row-2\">\n\t<td class=\"column-1\"><img decoding=\"async\" src=\"\/v3\/images\/cni1\/trafic\/20.jpg\" alt=\"\" \/><\/td><td class=\"column-2\">Les perturbations apparaissent sur la carte sous la forme de petits triangles gris.<br \/>\r\nSur la carte avec une petite \u00e9chelle ils n'affichent pas le type de perturbation mais seulement par une fl\u00e8che le sens de la route qui est affect\u00e9. S'il n'y a que le triangle, cela signifie que la perturbation touche les 2 sens de circulation.<br \/><br \/>\r\n<br \/><br \/>\r\n<br \/>\r\nSur les cartes avec une grande \u00e9chelle il y a la repr\u00e9sentation de la perturbation.<br \/>\r\n<br \/>\r\n<\/td>\n<\/tr>\n<tr class=\"row-3\">\n\t<td class=\"column-1\"><img decoding=\"async\" src=\"\/v3\/images\/cni1\/trafic\/25.jpg\" alt=\"\" \/><\/td><td class=\"column-2\">On peut se rendre compte de la longueur de la perturbation avec les petites fl\u00e8ches qui indiquent que l'ensemble de l'avenue des Champs Elys\u00e9s jusqu'\u00e0 la place de la Concorde est \u00e0 \u00e9viter.<br \/>\r\n<\/td>\n<\/tr>\n<tr class=\"row-4\">\n\t<td class=\"column-1\"><img decoding=\"async\" src=\"\/v3\/images\/cni1\/trafic\/20.jpg\" alt=\"\" \/><\/td><td class=\"column-2\">Lors du guidage, lorsqu'une perturbation vient d'appara\u00eetre \u00e0 l'\u00e9cran, on remarque les perturbations qui sont sur le trajet sont en rouge et que l'affichage de la nature de la perturbation est pr\u00e9sent quelque soit l'\u00e9chelle.<br \/><br \/>\r\n<br \/><br \/>\r\nOn notera aussi le triangle Rouge en bas qui signifie qu'il n'a pas trouv\u00e9 de d\u00e9tour possible (selon version).<br \/>\r\n<br \/>\r\n<\/td>\n<\/tr>\n<tr class=\"row-5\">\n\t<td class=\"column-1\"><img decoding=\"async\" src=\"\/v3\/images\/cni1\/trafic\/13.jpg\" alt=\"\" \/><\/td><td class=\"column-2\">On peut se renseigner en faisant appara\u00eetre le menu et en choisissant <strong>VUE TRAFIC<\/strong> (selon version).<\/td>\n<\/tr>\n<tr class=\"row-6\">\n\t<td class=\"column-1\"><img decoding=\"async\" src=\"\/v3\/images\/cni1\/trafic\/17.jpg\" alt=\"\" \/><\/td><td class=\"column-2\">On peut alors s\u00e9lectionner la perturbation que l'on souhaite. En validant, on obtient sa description quelques secondes apr\u00e8s (selon version).<\/td>\n<\/tr>\n<tr class=\"row-7\">\n\t<td class=\"column-1\"><img decoding=\"async\" src=\"\/v3\/images\/cni1\/trafic\/16.jpg\" alt=\"\" \/><\/td><td class=\"column-2\"><\/td>\n<\/tr>\n<tr class=\"row-8\">\n\t<td class=\"column-1\"><img decoding=\"async\" src=\"\/v3\/images\/cni1\/trafic\/14.jpg\" alt=\"\" \/><\/td><td class=\"column-2\">Sinon au lieux de s\u00e9lectionner <strong>VUE TRAFIC<\/strong> on peut aller dans <strong>INFOS<\/strong> puis <strong>INFO TRAFIC ITINERAIRE<\/strong>.<br \/>\r\n<br \/>\r\n<\/td>\n<\/tr>\n<tr class=\"row-9\">\n\t<td class=\"column-1\"><img decoding=\"async\" src=\"\/v3\/images\/cni1\/trafic\/15.jpg\" alt=\"\" \/><\/td><td class=\"column-2\">On aboutit alors \u00e0 cet \u00e9cran qui repr\u00e9sente l'ensemble du trajet en une droite avec la perturbation et sa description. S'il y a plusieurs perturbations on peut passer de l'une \u00e0 l'autre avec les fl\u00e8ches gauche\/droite pour obtenir leurs descriptions (selon version).<br \/>\r\n  <tr><br \/>\r\n    <td><![CDATA[<img decoding=\"async\" src=\"images\/cni1\/trafic\/27.jpg\" alt=\"\" \/><\/td>\n<\/tr>\n<tr class=\"row-10\">\n\t<td class=\"column-1\"><img decoding=\"async\" src=\"\/v3\/images\/cni1\/trafic\/27.jpg\" alt=\"\" \/><\/td><td class=\"column-2\">Sinon on peut voir le prochain bouchon en \u00e9tant en mode seulement symbole lors d'un guidage.<\/td>\n<\/tr>\n<tr class=\"row-11\">\n\t<td class=\"column-1\">triangle d\u00e9tour \u00e0 rajouter<\/td><td class=\"column-2\">&nbsp;<\/td>\n<\/tr>\n<tr class=\"row-12\">\n\t<td class=\"column-1\"><img decoding=\"async\" src=\"\/v3\/images\/cni1\/trafic\/21.jpg\" alt=\"\" \/><\/td><td class=\"column-2\">Lorsqu'il a un d\u00e9tour possible alors le triangle passe au vert (selon version) et le menu s'affiche avec l'option d\u00e9tour.<\/td>\n<\/tr>\n<tr class=\"row-13\">\n\t<td class=\"column-1\"><img decoding=\"async\" src=\"\/v3\/images\/cni1\/trafic\/26.jpg\" alt=\"\" \/><\/td><td class=\"column-2\">On s\u00e9lectionne <strong>PLANIFIER UN DETOUR<\/strong>, il se met \u00e0 calculer.<\/td>\n<\/tr>\n<tr class=\"row-14\">\n\t<td class=\"column-1\"><img decoding=\"async\" src=\"\/v3\/images\/cni1\/trafic\/29.jpg\" alt=\"\" \/><\/td><td class=\"column-2\">Lorsqu'il a termin\u00e9 cette fen\u00eatre s'affiche avec la diff\u00e9rence de temps et de kilom\u00e8tre par rapport \u00e0 l'itin\u00e9raire d'origine (selon version). On peut alors accepter le d\u00e9tour ou le refuser<\/td>\n<\/tr>\n<\/tbody>\n<\/table>\n<!-- #tablepress-8 from cache --><\/div>\n<p>Voici une liste des logos d&rsquo;info trafic qui en th\u00e9orie peuvent \u00eatre affich\u00e9s. En pratique on rencontrera essentiellement les logos repr\u00e9sentant l&rsquo;accident, le bouchon, le ralentissement, les travaux, le r\u00e9tr\u00e9cissement de la chauss\u00e9e et la voie ferm\u00e9e.<\/p>\n<p><img loading=\"lazy\" decoding=\"async\" class=\"alignnone\" src=\"\/v3\/images\/cni1\/trafic\/tmclogo.jpg\" alt=\"\" width=\"573\" height=\"769\" \/><\/p>\n<div class=\"pubmain\"><script type=\"text\/javascript\"><!-- google_ad_client = \"ca-pub-6295180017562087\"; \/* V3 *\/ google_ad_slot = \"8915205629\"; google_ad_width = 728; google_ad_height = 90; \/\/-->\n<\/script><br \/>\n<script type=\"text\/javascript\" src=\"http:\/\/pagead2.googlesyndication.com\/pagead\/show_ads.js\">\n<\/script><\/div>\n<h2>Vid\u00e9o<\/h2>\n<p>Cette vid\u00e9o est tr\u00e8s int\u00e9ressante car elle nous pr\u00e9sente la gestion de l&rsquo;info trafic sur les versions 0376 et ant\u00e9rieures. On pourra noter l&rsquo;absence du petit triangle de couleur en bas, un affichage diff\u00e9rent pour les perturbations sur l&rsquo;itin\u00e9raire, l&rsquo;impossibilit\u00e9 de se balader sur la carte et de s\u00e9lectionner une perturbation pour avoir sa description.<br \/>\n<iframe loading=\"lazy\" src=\"http:\/\/www.dailymotion.com\/embed\/video\/xtclyx?syndication=244253\" width=\"560\" height=\"373\" frameborder=\"0\"><\/iframe><br \/>\n<a href=\"http:\/\/www.dailymotion.com\/video\/xtclyx_info-trafic-carminat-navigation-informe-1_auto\" target=\"_blank\" rel=\"noopener noreferrer\">Info Trafic Carminat Navigation Inform\u00e9 1<\/a> <i>par <a href=\"http:\/\/www.dailymotion.com\/GPS-Carminat\" target=\"_blank\" rel=\"noopener noreferrer\">GPS-Carminat<\/a><\/i><\/p>\n<!-- AddThis Advanced Settings generic via filter on the_content --><!-- AddThis Share Buttons generic via filter on the_content -->","protected":false},"excerpt":{"rendered":"<p>Les GPS Carminat Renault disposent d&rsquo;une fonction fort int\u00e9ressante qui est l&rsquo;info trafic. Il est bas\u00e9 sur la diffusion par les ondes d&rsquo;informations\u00a0TMC\u00a0(Traffic Message Channel). Cela permet de vous informer des perturbations en cours sur votre itin\u00e9raire (si vous avez &hellip; <a href=\"https:\/\/www.gps-carminat.com\/v3\/carminat-navigation-informe-1\/navigation\/info-trafic\/\">Continuer la lecture <span class=\"meta-nav\">&rarr;<\/span><\/a><!-- AddThis Advanced Settings generic via filter on get_the_excerpt --><!-- AddThis Share Buttons generic via filter on get_the_excerpt --><\/p>\n","protected":false},"author":1,"featured_media":0,"parent":153,"menu_order":7,"comment_status":"open","ping_status":"closed","template":"","meta":{"advanced_seo_description":"","jetpack_seo_html_title":"","jetpack_seo_noindex":false,"footnotes":""},"class_list":["post-146","page","type-page","status-publish","hentry"],"jetpack_sharing_enabled":true,"_links":{"self":[{"href":"https:\/\/www.gps-carminat.com\/v3\/wp-json\/wp\/v2\/pages\/146","targetHints":{"allow":["GET"]}}],"collection":[{"href":"https:\/\/www.gps-carminat.com\/v3\/wp-json\/wp\/v2\/pages"}],"about":[{"href":"https:\/\/www.gps-carminat.com\/v3\/wp-json\/wp\/v2\/types\/page"}],"author":[{"embeddable":true,"href":"https:\/\/www.gps-carminat.com\/v3\/wp-json\/wp\/v2\/users\/1"}],"replies":[{"embeddable":true,"href":"https:\/\/www.gps-carminat.com\/v3\/wp-json\/wp\/v2\/comments?post=146"}],"version-history":[{"count":0,"href":"https:\/\/www.gps-carminat.com\/v3\/wp-json\/wp\/v2\/pages\/146\/revisions"}],"up":[{"embeddable":true,"href":"https:\/\/www.gps-carminat.com\/v3\/wp-json\/wp\/v2\/pages\/153"}],"wp:attachment":[{"href":"https:\/\/www.gps-carminat.com\/v3\/wp-json\/wp\/v2\/media?parent=146"}],"curies":[{"name":"wp","href":"https:\/\/api.w.org\/{rel}","templated":true}]}}