{"id":2322,"date":"2017-12-29T11:11:27","date_gmt":"2017-12-29T10:11:27","guid":{"rendered":"https:\/\/www.gps-carminat.com\/v3\/?page_id=2322"},"modified":"2021-05-25T01:15:29","modified_gmt":"2021-05-24T23:15:29","slug":"activer-apple-carplay-android-auto-waze-sur-r-link-2","status":"publish","type":"page","link":"https:\/\/www.gps-carminat.com\/v3\/r-link-2\/activer-apple-carplay-android-auto-waze-sur-r-link-2\/","title":{"rendered":"Installer Apple Carplay \/ Android Auto \/ Waze sur R-Link 2"},"content":{"rendered":"<p><span style=\"color: #ff0000;\"><b>La manipulation ci-dessous peut endommager irr\u00e9m\u00e9diablement votre v\u00e9hicule, si vous n&rsquo;\u00eates pas certains de ce que vous faites ne faites pas la manipulation. Le site ne pourra pas \u00eatre tenu comme responsable.<\/b><\/span><\/p>\n<p><span style=\"color: #ff0000;\"><strong>Cette manipulation est une bidouille, elle n&rsquo;est pas officielle, vous ne pourrez pas obtenir de l&rsquo;aide de la part de Renault si cela se passe mal. <\/strong><\/span><\/p>\n<p><b><a href=\"https:\/\/www.gps-rlink.com\/r-link-2\/activate-android-auto-waze-apple-carplay-on-r-link-2\/\">&#8211;&gt; ENGLISH VERSION &lt;&#8211;<\/a><\/b><\/p>\n<p>Pourquoi les premiers R-Link 2 ne sont pas compatibles avec Carplay Android Auto\u00a0? Le d\u00e9veloppement de R-Link 2 a du commencer \u00e0 la sortie de R-Link 1 soit en 2012. A cette \u00e9poque ni Android Auto, ni Carplay n\u2019existaient puisqu\u2019ils ont \u00e9t\u00e9 pr\u00e9sent\u00e9s en Juin 2013 et 2014 alors que le R-Link 2 a \u00e9t\u00e9 pr\u00e9sent\u00e9 en \u2026 2014. Or que ce soit Google ou Apple, il y a des exigences mat\u00e9rielles qui sont impos\u00e9s aux constructeurs automobiles. Il \u00e9tait donc trop tard pour Renault pour les int\u00e9grer d\u00e8s la sortie dans le cahier des charges. Renault a donc du changer son hardware en 2017 sachant que la validation des \u00e9volutions est un processus beaucoup plus lourd dans l\u2019automobile que dans le monde du smartphone par exemple notamment parce qu\u2019il y a des questions de s\u00e9curit\u00e9. \u00a0Ceci explique cela m\u00eame si c\u2019est frustrant je vous l\u2019accorde.<\/p>\n<p>Internet est incroyable, des petits malins ont trouv\u00e9 une mani\u00e8re d\u2019installer Android Auto et Carplay sur les R-Link 2 des <strong>Scenic IV et Megane Sedan<\/strong> commercialis\u00e9s sans la r\u00e9plication (sur forum-auto, tomtomax, planeterenault&#8230;). Comme c&rsquo;est un peu le bazar sur la toile et qu&rsquo;une approximation peut avoir des cons\u00e9quences malheureuse, j&rsquo;ai donc compil\u00e9 toutes les infos. Inutile de demander \u00e0 votre garage Renault de le faire, son \u00e9quipement informatique ne permet de faire la manipulation.<\/p>\n<p class=\"pubmain\"><script type=\"text\/javascript\"><\/p>\n<p><!-- google_ad_client = \"ca-pub-6295180017562087\"; \/* V3 *\/ google_ad_slot = \"8915205629\"; google_ad_width = 728; google_ad_height = 90; \/\/--><\/p>\n<p><\/script><br \/>\n<script type=\"text\/javascript\" src=\"http:\/\/pagead2.googlesyndication.com\/pagead\/show_ads.js\">\n<\/script><\/p>\n<p>Pour activer la r\u00e9plication smartphone (Android Auto \/ Apple Carplay) sur le R-Link 2 il y a quelques pr\u00e9requis:<\/p>\n<ul>\n<li>Tout d&rsquo;abord <strong>il faut un R-Link 2 de la branche 3.X<\/strong>, si votre version logicielle commence par 2.X, inutile d&rsquo;essayer cela ne marchera pas. Seuls les <strong>Sc\u00e9nic 4<\/strong> et <strong>Megane 4 Sedan<\/strong> ont eu des R-Link 2 compatible sans la r\u00e9plication activ\u00e9e en usine.<\/li>\n<li>Ensuite il est n\u00e9cessaire d&rsquo;avoir la derni\u00e8re version: la <strong>3.3.16.64x<\/strong>. Si ce n&rsquo;est pas le cas il est n\u00e9cessaire de mettre \u00e0 jour le R-Link 2 en prenant rendez-vous chez dans un garage.<\/li>\n<li>Avoir une sonde ELM comme<a href=\"https:\/\/amzn.to\/2Mipslp\"> celle-ci<\/a>\u00a0en USB (toutes ne sont pas compatibles, celle-ci est recommand\u00e9e, il faut la puce 25k80). Vous pouvez, je pense, aussi prendre <a href=\"https:\/\/amzn.to\/2GdYDaJ\">celle-ci<\/a> en sans fil (je n&rsquo;ai pas test\u00e9 personnellement) ce qui permettra de l&rsquo;utiliser ult\u00e9rieurement avec un smartphone.<\/li>\n<\/ul>\n<p><a href=\"https:\/\/www.gps-carminat.com\/v3\/wp-content\/uploads\/2018\/03\/41kXmYs6ZzL.jpg\"><img loading=\"lazy\" decoding=\"async\" data-attachment-id=\"2681\" data-permalink=\"https:\/\/www.gps-carminat.com\/v3\/r-link\/activer-android-auto-waze-sur-r-link-1\/41kxmys6zzl\/\" data-orig-file=\"https:\/\/www.gps-carminat.com\/v3\/wp-content\/uploads\/2018\/03\/41kXmYs6ZzL.jpg\" data-orig-size=\"500,487\" data-comments-opened=\"1\" data-image-meta=\"{&quot;aperture&quot;:&quot;0&quot;,&quot;credit&quot;:&quot;&quot;,&quot;camera&quot;:&quot;&quot;,&quot;caption&quot;:&quot;&quot;,&quot;created_timestamp&quot;:&quot;0&quot;,&quot;copyright&quot;:&quot;&quot;,&quot;focal_length&quot;:&quot;0&quot;,&quot;iso&quot;:&quot;0&quot;,&quot;shutter_speed&quot;:&quot;0&quot;,&quot;title&quot;:&quot;&quot;,&quot;orientation&quot;:&quot;0&quot;}\" data-image-title=\"41kXmYs6ZzL\" data-image-description=\"\" data-image-caption=\"\" data-large-file=\"https:\/\/www.gps-carminat.com\/v3\/wp-content\/uploads\/2018\/03\/41kXmYs6ZzL.jpg\" class=\"aligncenter size-medium wp-image-2681\" src=\"https:\/\/www.gps-carminat.com\/v3\/wp-content\/uploads\/2018\/03\/41kXmYs6ZzL-300x292.jpg\" alt=\"\" width=\"300\" height=\"292\" srcset=\"https:\/\/www.gps-carminat.com\/v3\/wp-content\/uploads\/2018\/03\/41kXmYs6ZzL-300x292.jpg 300w, https:\/\/www.gps-carminat.com\/v3\/wp-content\/uploads\/2018\/03\/41kXmYs6ZzL-308x300.jpg 308w, https:\/\/www.gps-carminat.com\/v3\/wp-content\/uploads\/2018\/03\/41kXmYs6ZzL.jpg 500w\" sizes=\"auto, (max-width: 300px) 100vw, 300px\" \/><\/a><\/p>\n<ul>\n<li>T\u00e9l\u00e9charger le logiciel DDT4all (<a href=\"https:\/\/github.com\/cedricp\/ddt4all\/releases\/download\/1.3\/ddt4all-installer.exe\">cliquer ici<\/a>), un programme open source fait par un passionn\u00e9. (<a href=\"https:\/\/github.com\/cedricp\/ddt4all\">voir son site<\/a>)<\/li>\n<li>Trouver une base de donn\u00e9e DDT2000 r\u00e9cente (\u00e0 vous de vous d\u00e9brouiller)<\/li>\n<\/ul>\n<p>Une fois que tout cela est fait commen\u00e7ons.<\/p>\n<p>Installer sur votre ordinateur l&rsquo;application DDT4all.<\/p>\n<p><a href=\"https:\/\/www.gps-carminat.com\/v3\/wp-content\/uploads\/2017\/12\/installation.png\"><img loading=\"lazy\" decoding=\"async\" data-attachment-id=\"2447\" data-permalink=\"https:\/\/www.gps-carminat.com\/v3\/r-link\/activer-android-auto-waze-sur-r-link-1\/installation\/\" data-orig-file=\"https:\/\/www.gps-carminat.com\/v3\/wp-content\/uploads\/2017\/12\/installation.png\" data-orig-size=\"499,388\" data-comments-opened=\"1\" data-image-meta=\"{&quot;aperture&quot;:&quot;0&quot;,&quot;credit&quot;:&quot;&quot;,&quot;camera&quot;:&quot;&quot;,&quot;caption&quot;:&quot;&quot;,&quot;created_timestamp&quot;:&quot;0&quot;,&quot;copyright&quot;:&quot;&quot;,&quot;focal_length&quot;:&quot;0&quot;,&quot;iso&quot;:&quot;0&quot;,&quot;shutter_speed&quot;:&quot;0&quot;,&quot;title&quot;:&quot;&quot;,&quot;orientation&quot;:&quot;0&quot;}\" data-image-title=\"installation\" data-image-description=\"\" data-image-caption=\"\" data-large-file=\"https:\/\/www.gps-carminat.com\/v3\/wp-content\/uploads\/2017\/12\/installation.png\" class=\"aligncenter size-full wp-image-2447\" src=\"https:\/\/www.gps-carminat.com\/v3\/wp-content\/uploads\/2017\/12\/installation.png\" alt=\"\" width=\"499\" height=\"388\" srcset=\"https:\/\/www.gps-carminat.com\/v3\/wp-content\/uploads\/2017\/12\/installation.png 499w, https:\/\/www.gps-carminat.com\/v3\/wp-content\/uploads\/2017\/12\/installation-300x233.png 300w, https:\/\/www.gps-carminat.com\/v3\/wp-content\/uploads\/2017\/12\/installation-386x300.png 386w\" sizes=\"auto, (max-width: 499px) 100vw, 499px\" \/><\/a><\/p>\n<p>T\u00e9l\u00e9charger et installer les drivers pour l&rsquo;interface (<a href=\"http:\/\/www.elm327.fr\/telechargement-driver-pilote\/\">voir cette page<\/a>). Avec Windows 8 et 10 vous aurez peut \u00eatre besoin de faire la manip expliquer sur<a href=\"http:\/\/www.easy-pc.org\/2017\/05\/installer-un-pilote-non-signe-sous-windows-10.html\"> cette page<\/a> pour installer les drivers. Cette \u00e9tape est non n\u00e9cessaire si vous \u00eates en wifi.<\/p>\n<p class=\"pubmain\"><script type=\"text\/javascript\"><\/p>\n<p><!-- google_ad_client = \"ca-pub-6295180017562087\"; \/* V3 *\/ google_ad_slot = \"8915205629\"; google_ad_width = 728; google_ad_height = 90; \/\/--><\/p>\n<p><\/script><br \/>\n<script type=\"text\/javascript\" src=\"http:\/\/pagead2.googlesyndication.com\/pagead\/show_ads.js\">\n<\/script><\/p>\n<p>Copier la base de donn\u00e9e DDT2000 dans le r\u00e9pertoire C:\\Program Files (x86)\\ddt4all.<\/p>\n<p>Lancer DDT4all et v\u00e9rifions que l&rsquo;interface (branch\u00e9e) est bien d\u00e9tect\u00e9e en apparaissant sur la premi\u00e8re fen\u00eatre.<\/p>\n<p><a href=\"https:\/\/www.gps-carminat.com\/v3\/wp-content\/uploads\/2017\/12\/lancement.png\"><img loading=\"lazy\" decoding=\"async\" data-attachment-id=\"2448\" data-permalink=\"https:\/\/www.gps-carminat.com\/v3\/r-link\/activer-android-auto-waze-sur-r-link-1\/lancement\/\" data-orig-file=\"https:\/\/www.gps-carminat.com\/v3\/wp-content\/uploads\/2017\/12\/lancement.png\" data-orig-size=\"543,489\" data-comments-opened=\"1\" data-image-meta=\"{&quot;aperture&quot;:&quot;0&quot;,&quot;credit&quot;:&quot;&quot;,&quot;camera&quot;:&quot;&quot;,&quot;caption&quot;:&quot;&quot;,&quot;created_timestamp&quot;:&quot;0&quot;,&quot;copyright&quot;:&quot;&quot;,&quot;focal_length&quot;:&quot;0&quot;,&quot;iso&quot;:&quot;0&quot;,&quot;shutter_speed&quot;:&quot;0&quot;,&quot;title&quot;:&quot;&quot;,&quot;orientation&quot;:&quot;0&quot;}\" data-image-title=\"lancement\" data-image-description=\"\" data-image-caption=\"\" data-large-file=\"https:\/\/www.gps-carminat.com\/v3\/wp-content\/uploads\/2017\/12\/lancement.png\" class=\"aligncenter size-full wp-image-2448\" src=\"https:\/\/www.gps-carminat.com\/v3\/wp-content\/uploads\/2017\/12\/lancement.png\" alt=\"\" width=\"543\" height=\"489\" srcset=\"https:\/\/www.gps-carminat.com\/v3\/wp-content\/uploads\/2017\/12\/lancement.png 543w, https:\/\/www.gps-carminat.com\/v3\/wp-content\/uploads\/2017\/12\/lancement-300x270.png 300w, https:\/\/www.gps-carminat.com\/v3\/wp-content\/uploads\/2017\/12\/lancement-333x300.png 333w\" sizes=\"auto, (max-width: 543px) 100vw, 543px\" \/><\/a><\/p>\n<p>Si l&rsquo;interface apparait bien, on peut se rendre dans le v\u00e9hicule et brancher la sonde sur la prise ODB du v\u00e9hicule. Pour savoir o\u00f9 se trouve votre prise ODB vous pouvez consulter <a href=\"https:\/\/www.outilsobdfacile.fr\/emplacement-prise-connecteur-obd.php\">ce site.<\/a><\/p>\n<p class=\"pubmain\"><script type=\"text\/javascript\"><\/p>\n<p><!-- google_ad_client = \"ca-pub-6295180017562087\"; \/* V3 *\/ google_ad_slot = \"8915205629\"; google_ad_width = 728; google_ad_height = 90; \/\/--><\/p>\n<p><\/script><br \/>\n<script type=\"text\/javascript\" src=\"http:\/\/pagead2.googlesyndication.com\/pagead\/show_ads.js\">\n<\/script><\/p>\n<p>S\u00e9lectionner votre interface, cocher la case comme quoi vous \u00eates conscient qu&rsquo;il ne faut pas faire n&rsquo;importe quoi et s\u00e9lectionner \u00ab\u00a0Mode connect\u00e9\u00a0\u00bb,<\/p>\n<p>Activer le mode Expert (ic\u00f4ne Einstein en haut), puis s\u00e9lectionner le mode after sales dans le menu d\u00e9roulant.<\/p>\n<p><a href=\"https:\/\/www.gps-carminat.com\/v3\/wp-content\/uploads\/2017\/12\/expert.png\"><img loading=\"lazy\" decoding=\"async\" data-attachment-id=\"2449\" data-permalink=\"https:\/\/www.gps-carminat.com\/v3\/r-link\/activer-android-auto-waze-sur-r-link-1\/expert\/\" data-orig-file=\"https:\/\/www.gps-carminat.com\/v3\/wp-content\/uploads\/2017\/12\/expert.png\" data-orig-size=\"1024,280\" data-comments-opened=\"1\" data-image-meta=\"{&quot;aperture&quot;:&quot;0&quot;,&quot;credit&quot;:&quot;&quot;,&quot;camera&quot;:&quot;&quot;,&quot;caption&quot;:&quot;&quot;,&quot;created_timestamp&quot;:&quot;0&quot;,&quot;copyright&quot;:&quot;&quot;,&quot;focal_length&quot;:&quot;0&quot;,&quot;iso&quot;:&quot;0&quot;,&quot;shutter_speed&quot;:&quot;0&quot;,&quot;title&quot;:&quot;&quot;,&quot;orientation&quot;:&quot;0&quot;}\" data-image-title=\"expert\" data-image-description=\"\" data-image-caption=\"\" data-large-file=\"https:\/\/www.gps-carminat.com\/v3\/wp-content\/uploads\/2017\/12\/expert-1024x280.png\" class=\"aligncenter size-full wp-image-2449\" src=\"https:\/\/www.gps-carminat.com\/v3\/wp-content\/uploads\/2017\/12\/expert.png\" alt=\"\" width=\"1024\" height=\"280\" srcset=\"https:\/\/www.gps-carminat.com\/v3\/wp-content\/uploads\/2017\/12\/expert.png 1024w, https:\/\/www.gps-carminat.com\/v3\/wp-content\/uploads\/2017\/12\/expert-300x82.png 300w, https:\/\/www.gps-carminat.com\/v3\/wp-content\/uploads\/2017\/12\/expert-768x210.png 768w, https:\/\/www.gps-carminat.com\/v3\/wp-content\/uploads\/2017\/12\/expert-500x137.png 500w\" sizes=\"auto, (max-width: 1024px) 100vw, 1024px\" \/><\/a><\/p>\n<p>S\u00e9lectionner \u00e0 gauche en partant du haut:<\/p>\n<ul>\n<li><b>XFA &#8211; Scenic IV<\/b><\/li>\n<li><b>RadNav 2.2<\/b> (dans <b>Audio [$13]<\/b>)<\/li>\n<li><b>RadNav configuration 2.0 &#8211; Part I<\/b><\/li>\n<li>Choisir l&rsquo;onglet <b>Ecran<\/b> en haut.<\/li>\n<\/ul>\n<p><a href=\"https:\/\/www.gps-carminat.com\/v3\/wp-content\/uploads\/2017\/12\/config-ddt4all-Rlink-2-suite2.png\"><img loading=\"lazy\" decoding=\"async\" data-attachment-id=\"2479\" data-permalink=\"https:\/\/www.gps-carminat.com\/v3\/r-link-2\/activer-apple-carplay-android-auto-waze-sur-r-link-2\/config-ddt4all-rlink-2-suite2\/\" data-orig-file=\"https:\/\/www.gps-carminat.com\/v3\/wp-content\/uploads\/2017\/12\/config-ddt4all-Rlink-2-suite2.png\" data-orig-size=\"856,776\" data-comments-opened=\"1\" data-image-meta=\"{&quot;aperture&quot;:&quot;0&quot;,&quot;credit&quot;:&quot;&quot;,&quot;camera&quot;:&quot;&quot;,&quot;caption&quot;:&quot;&quot;,&quot;created_timestamp&quot;:&quot;0&quot;,&quot;copyright&quot;:&quot;&quot;,&quot;focal_length&quot;:&quot;0&quot;,&quot;iso&quot;:&quot;0&quot;,&quot;shutter_speed&quot;:&quot;0&quot;,&quot;title&quot;:&quot;&quot;,&quot;orientation&quot;:&quot;0&quot;}\" data-image-title=\"config ddt4all Rlink 2 suite2\" data-image-description=\"\" data-image-caption=\"\" data-large-file=\"https:\/\/www.gps-carminat.com\/v3\/wp-content\/uploads\/2017\/12\/config-ddt4all-Rlink-2-suite2.png\" class=\"aligncenter size-full wp-image-2479\" src=\"https:\/\/www.gps-carminat.com\/v3\/wp-content\/uploads\/2017\/12\/config-ddt4all-Rlink-2-suite2.png\" alt=\"\" width=\"856\" height=\"776\" srcset=\"https:\/\/www.gps-carminat.com\/v3\/wp-content\/uploads\/2017\/12\/config-ddt4all-Rlink-2-suite2.png 856w, https:\/\/www.gps-carminat.com\/v3\/wp-content\/uploads\/2017\/12\/config-ddt4all-Rlink-2-suite2-300x272.png 300w, https:\/\/www.gps-carminat.com\/v3\/wp-content\/uploads\/2017\/12\/config-ddt4all-Rlink-2-suite2-768x696.png 768w, https:\/\/www.gps-carminat.com\/v3\/wp-content\/uploads\/2017\/12\/config-ddt4all-Rlink-2-suite2-331x300.png 331w\" sizes=\"auto, (max-width: 856px) 100vw, 856px\" \/><\/a><\/p>\n<p class=\"pubmain\"><script type=\"text\/javascript\"><\/p>\n<p><!-- google_ad_client = \"ca-pub-6295180017562087\"; \/* V3 *\/ google_ad_slot = \"8915205629\"; google_ad_width = 728; google_ad_height = 90; \/\/--><\/p>\n<p><\/script><br \/>\n<script type=\"text\/javascript\" src=\"http:\/\/pagead2.googlesyndication.com\/pagead\/show_ads.js\">\n<\/script><\/p>\n<p>S\u00e9lectionner le bouton Read All en haut \u00e0 droite<\/p>\n<p><a href=\"https:\/\/www.gps-carminat.com\/v3\/wp-content\/uploads\/2017\/12\/config-ddt4all-Rlink-2.png\"><img loading=\"lazy\" decoding=\"async\" data-attachment-id=\"2477\" data-permalink=\"https:\/\/www.gps-carminat.com\/v3\/r-link-2\/activer-apple-carplay-android-auto-waze-sur-r-link-2\/config-ddt4all-rlink-2\/\" data-orig-file=\"https:\/\/www.gps-carminat.com\/v3\/wp-content\/uploads\/2017\/12\/config-ddt4all-Rlink-2.png\" data-orig-size=\"1296,409\" data-comments-opened=\"1\" data-image-meta=\"{&quot;aperture&quot;:&quot;0&quot;,&quot;credit&quot;:&quot;&quot;,&quot;camera&quot;:&quot;&quot;,&quot;caption&quot;:&quot;&quot;,&quot;created_timestamp&quot;:&quot;0&quot;,&quot;copyright&quot;:&quot;&quot;,&quot;focal_length&quot;:&quot;0&quot;,&quot;iso&quot;:&quot;0&quot;,&quot;shutter_speed&quot;:&quot;0&quot;,&quot;title&quot;:&quot;&quot;,&quot;orientation&quot;:&quot;0&quot;}\" data-image-title=\"config ddt4all Rlink 2\" data-image-description=\"\" data-image-caption=\"\" data-large-file=\"https:\/\/www.gps-carminat.com\/v3\/wp-content\/uploads\/2017\/12\/config-ddt4all-Rlink-2-1024x323.png\" class=\"aligncenter size-large wp-image-2477\" src=\"https:\/\/www.gps-carminat.com\/v3\/wp-content\/uploads\/2017\/12\/config-ddt4all-Rlink-2-1024x323.png\" alt=\"\" width=\"584\" height=\"184\" srcset=\"https:\/\/www.gps-carminat.com\/v3\/wp-content\/uploads\/2017\/12\/config-ddt4all-Rlink-2-1024x323.png 1024w, https:\/\/www.gps-carminat.com\/v3\/wp-content\/uploads\/2017\/12\/config-ddt4all-Rlink-2-300x95.png 300w, https:\/\/www.gps-carminat.com\/v3\/wp-content\/uploads\/2017\/12\/config-ddt4all-Rlink-2-768x242.png 768w, https:\/\/www.gps-carminat.com\/v3\/wp-content\/uploads\/2017\/12\/config-ddt4all-Rlink-2-500x158.png 500w, https:\/\/www.gps-carminat.com\/v3\/wp-content\/uploads\/2017\/12\/config-ddt4all-Rlink-2.png 1296w\" sizes=\"auto, (max-width: 584px) 100vw, 584px\" \/><\/a><\/p>\n<p>Puis faite en sorte que les param\u00e8tres \u00e0 droite et \u00e0 gauche affichent les m\u00eames valeurs pour le bloc ci-dessus. (C&rsquo;est important !) Donc vous modifiez la colonne de gauche pour qu&rsquo;elle soit identique \u00e0 celle de droite.<\/p>\n<p>Ensuite vous pouvez modifier les param\u00e8tres suivants:<\/p>\n<ul>\n<li>SPVR: <b>Present<\/b><\/li>\n<li>Carplay: <b>Authorized<\/b><\/li>\n<li>AAP: <b>Authorized<\/b><\/li>\n<\/ul>\n<p><a href=\"https:\/\/www.gps-carminat.com\/v3\/wp-content\/uploads\/2017\/12\/config-ddt4all-Rlink-2-suite.png\"><img loading=\"lazy\" decoding=\"async\" data-attachment-id=\"2478\" data-permalink=\"https:\/\/www.gps-carminat.com\/v3\/r-link-2\/activer-apple-carplay-android-auto-waze-sur-r-link-2\/config-ddt4all-rlink-2-suite\/\" data-orig-file=\"https:\/\/www.gps-carminat.com\/v3\/wp-content\/uploads\/2017\/12\/config-ddt4all-Rlink-2-suite.png\" data-orig-size=\"1296,409\" data-comments-opened=\"1\" data-image-meta=\"{&quot;aperture&quot;:&quot;0&quot;,&quot;credit&quot;:&quot;&quot;,&quot;camera&quot;:&quot;&quot;,&quot;caption&quot;:&quot;&quot;,&quot;created_timestamp&quot;:&quot;0&quot;,&quot;copyright&quot;:&quot;&quot;,&quot;focal_length&quot;:&quot;0&quot;,&quot;iso&quot;:&quot;0&quot;,&quot;shutter_speed&quot;:&quot;0&quot;,&quot;title&quot;:&quot;&quot;,&quot;orientation&quot;:&quot;0&quot;}\" data-image-title=\"config ddt4all Rlink 2 suite\" data-image-description=\"\" data-image-caption=\"\" data-large-file=\"https:\/\/www.gps-carminat.com\/v3\/wp-content\/uploads\/2017\/12\/config-ddt4all-Rlink-2-suite-1024x323.png\" class=\"aligncenter size-large wp-image-2478\" src=\"https:\/\/www.gps-carminat.com\/v3\/wp-content\/uploads\/2017\/12\/config-ddt4all-Rlink-2-suite-1024x323.png\" alt=\"\" width=\"584\" height=\"184\" srcset=\"https:\/\/www.gps-carminat.com\/v3\/wp-content\/uploads\/2017\/12\/config-ddt4all-Rlink-2-suite-1024x323.png 1024w, https:\/\/www.gps-carminat.com\/v3\/wp-content\/uploads\/2017\/12\/config-ddt4all-Rlink-2-suite-300x95.png 300w, https:\/\/www.gps-carminat.com\/v3\/wp-content\/uploads\/2017\/12\/config-ddt4all-Rlink-2-suite-768x242.png 768w, https:\/\/www.gps-carminat.com\/v3\/wp-content\/uploads\/2017\/12\/config-ddt4all-Rlink-2-suite-500x158.png 500w, https:\/\/www.gps-carminat.com\/v3\/wp-content\/uploads\/2017\/12\/config-ddt4all-Rlink-2-suite.png 1296w\" sizes=\"auto, (max-width: 584px) 100vw, 584px\" \/><\/a><\/p>\n<p>Puis validez le gros bouton jaune:<b> Write RadNav 2.0 config<\/b><\/p>\n<p>Sur la partie basse vous verrez les trames d&rsquo;\u00e9critures d\u00e9filer. Une fois que c&rsquo;est bon vous pouvez red\u00e9marrer le R-Link 2 avec un appui long sur le bouton power du R-Link 2.<\/p>\n<p class=\"pubmain\"><script type=\"text\/javascript\"><\/p>\n<p><!-- google_ad_client = \"ca-pub-6295180017562087\"; \/* V3 *\/ google_ad_slot = \"8915205629\"; google_ad_width = 728; google_ad_height = 90; \/\/--><\/p>\n<p><\/script><br \/>\n<script type=\"text\/javascript\" src=\"http:\/\/pagead2.googlesyndication.com\/pagead\/show_ads.js\">\n<\/script><\/p>\n<p>Vous pouvez lire<a href=\"https:\/\/www.gps-carminat.com\/v3\/r-link-2\/test-android-auto-carplay-sur-r-link-2\/\"> le test d&rsquo;Android Auto \/ Carplay sur le Scenic IV<\/a>.<\/p>\n<p>ou cette vid\u00e9o:<\/p>\n<div class=\"epyt-video-wrapper\"><iframe loading=\"lazy\"  id=\"_ytid_36038\"  width=\"584\" height=\"329\"  data-origwidth=\"584\" data-origheight=\"329\" src=\"https:\/\/www.youtube.com\/embed\/gbcZETa9V7E?enablejsapi=1&autoplay=0&cc_load_policy=0&cc_lang_pref=&iv_load_policy=1&loop=0&rel=1&fs=1&playsinline=0&autohide=2&theme=dark&color=red&controls=1&disablekb=0&\" class=\"__youtube_prefs__  no-lazyload\" title=\"YouTube player\"  allow=\"fullscreen; accelerometer; autoplay; clipboard-write; encrypted-media; gyroscope; picture-in-picture; web-share\" referrerpolicy=\"strict-origin-when-cross-origin\" allowfullscreen data-no-lazy=\"1\" data-skipgform_ajax_framebjll=\"\"><\/iframe><\/div>\n<p>Vous pouvez <a href=\"https:\/\/www.gps-carminat.com\/v3\/2017\/09\/22\/r-link-2-augmenter-la-taille-dandroid-auto\/\">Agrandir l&rsquo;affichage d&rsquo;Android Auto sur les R-Link 2 grande taille<\/a><\/p>\n<!-- AddThis Advanced Settings generic via filter on the_content --><!-- AddThis Share Buttons generic via filter on the_content -->","protected":false},"excerpt":{"rendered":"<p>La manipulation ci-dessous peut endommager irr\u00e9m\u00e9diablement votre v\u00e9hicule, si vous n&rsquo;\u00eates pas certains de ce que vous faites ne faites pas la manipulation. Le site ne pourra pas \u00eatre tenu comme responsable. Cette manipulation est une bidouille, elle n&rsquo;est pas &hellip; <a href=\"https:\/\/www.gps-carminat.com\/v3\/r-link-2\/activer-apple-carplay-android-auto-waze-sur-r-link-2\/\">Continuer la lecture <span class=\"meta-nav\">&rarr;<\/span><\/a><!-- AddThis Advanced Settings generic via filter on get_the_excerpt --><!-- AddThis Share Buttons generic via filter on get_the_excerpt --><\/p>\n","protected":false},"author":1,"featured_media":0,"parent":1940,"menu_order":0,"comment_status":"open","ping_status":"closed","template":"","meta":{"advanced_seo_description":"","jetpack_seo_html_title":"","jetpack_seo_noindex":false,"footnotes":""},"class_list":["post-2322","page","type-page","status-publish","hentry"],"jetpack_sharing_enabled":true,"_links":{"self":[{"href":"https:\/\/www.gps-carminat.com\/v3\/wp-json\/wp\/v2\/pages\/2322","targetHints":{"allow":["GET"]}}],"collection":[{"href":"https:\/\/www.gps-carminat.com\/v3\/wp-json\/wp\/v2\/pages"}],"about":[{"href":"https:\/\/www.gps-carminat.com\/v3\/wp-json\/wp\/v2\/types\/page"}],"author":[{"embeddable":true,"href":"https:\/\/www.gps-carminat.com\/v3\/wp-json\/wp\/v2\/users\/1"}],"replies":[{"embeddable":true,"href":"https:\/\/www.gps-carminat.com\/v3\/wp-json\/wp\/v2\/comments?post=2322"}],"version-history":[{"count":0,"href":"https:\/\/www.gps-carminat.com\/v3\/wp-json\/wp\/v2\/pages\/2322\/revisions"}],"up":[{"embeddable":true,"href":"https:\/\/www.gps-carminat.com\/v3\/wp-json\/wp\/v2\/pages\/1940"}],"wp:attachment":[{"href":"https:\/\/www.gps-carminat.com\/v3\/wp-json\/wp\/v2\/media?parent=2322"}],"curies":[{"name":"wp","href":"https:\/\/api.w.org\/{rel}","templated":true}]}}