{"id":2842,"date":"2018-07-02T20:45:24","date_gmt":"2018-07-02T18:45:24","guid":{"rendered":"https:\/\/www.gps-carminat.com\/v3\/?page_id=2842"},"modified":"2019-08-30T15:28:03","modified_gmt":"2019-08-30T13:28:03","slug":"mettre-a-jour-carminat-tomtom","status":"publish","type":"page","link":"https:\/\/www.gps-carminat.com\/v3\/carminat-tomtom\/mettre-a-jour-carminat-tomtom\/","title":{"rendered":"Mettre \u00e0 jour Carminat TomTom"},"content":{"rendered":"<p>Comme n&rsquo;importe quel GPS il est important de mettre jour le syst\u00e8me (le logiciel) mais aussi la carte qu&rsquo;utilise le GPS pour faire le guidage.<\/p>\n<p>Pour faire les mises \u00e0 jour il faudra \u00e9jecter correctement la carte SD dans les options du GPS afin de pouvoir retirer la carte SD et pouvoir la brancher sur votre ordinateur. Il faudra ensuite utiliser le logiciel TomTom Home pour effectuer la mise \u00e0 jour.\u00a0<a href=\"https:\/\/www.gps-carminat.com\/v3\/wp-content\/uploads\/2018\/07\/TomTom-HOME_1.jpg\"><img loading=\"lazy\" decoding=\"async\" data-attachment-id=\"2849\" data-permalink=\"https:\/\/www.gps-carminat.com\/v3\/carminat-tomtom\/mettre-a-jour-carminat-tomtom\/tomtom-home_1\/\" data-orig-file=\"https:\/\/www.gps-carminat.com\/v3\/wp-content\/uploads\/2018\/07\/TomTom-HOME_1.jpg\" data-orig-size=\"1127,842\" data-comments-opened=\"1\" data-image-meta=\"{&quot;aperture&quot;:&quot;0&quot;,&quot;credit&quot;:&quot;&quot;,&quot;camera&quot;:&quot;&quot;,&quot;caption&quot;:&quot;&quot;,&quot;created_timestamp&quot;:&quot;0&quot;,&quot;copyright&quot;:&quot;&quot;,&quot;focal_length&quot;:&quot;0&quot;,&quot;iso&quot;:&quot;0&quot;,&quot;shutter_speed&quot;:&quot;0&quot;,&quot;title&quot;:&quot;&quot;,&quot;orientation&quot;:&quot;0&quot;}\" data-image-title=\"TomTom-HOME_1\" data-image-description=\"\" data-image-caption=\"\" data-large-file=\"https:\/\/www.gps-carminat.com\/v3\/wp-content\/uploads\/2018\/07\/TomTom-HOME_1-1024x765.jpg\" class=\"aligncenter size-large wp-image-2849\" src=\"https:\/\/www.gps-carminat.com\/v3\/wp-content\/uploads\/2018\/07\/TomTom-HOME_1-1024x765.jpg\" alt=\"\" width=\"584\" height=\"436\" srcset=\"https:\/\/www.gps-carminat.com\/v3\/wp-content\/uploads\/2018\/07\/TomTom-HOME_1-1024x765.jpg 1024w, https:\/\/www.gps-carminat.com\/v3\/wp-content\/uploads\/2018\/07\/TomTom-HOME_1-300x224.jpg 300w, https:\/\/www.gps-carminat.com\/v3\/wp-content\/uploads\/2018\/07\/TomTom-HOME_1-768x574.jpg 768w, https:\/\/www.gps-carminat.com\/v3\/wp-content\/uploads\/2018\/07\/TomTom-HOME_1-402x300.jpg 402w, https:\/\/www.gps-carminat.com\/v3\/wp-content\/uploads\/2018\/07\/TomTom-HOME_1.jpg 1127w\" sizes=\"auto, (max-width: 584px) 100vw, 584px\" \/><\/a><\/p>\n<p><a href=\"https:\/\/www.gps-carminat.com\/v3\/wp-content\/uploads\/2018\/07\/ejecter-carte.jpg\"><img loading=\"lazy\" decoding=\"async\" data-attachment-id=\"2848\" data-permalink=\"https:\/\/www.gps-carminat.com\/v3\/carminat-tomtom\/mettre-a-jour-carminat-tomtom\/ejecter-carte\/\" data-orig-file=\"https:\/\/www.gps-carminat.com\/v3\/wp-content\/uploads\/2018\/07\/ejecter-carte.jpg\" data-orig-size=\"640,480\" data-comments-opened=\"1\" data-image-meta=\"{&quot;aperture&quot;:&quot;2.8&quot;,&quot;credit&quot;:&quot;&quot;,&quot;camera&quot;:&quot;Canon PowerShot SX10 IS&quot;,&quot;caption&quot;:&quot;&quot;,&quot;created_timestamp&quot;:&quot;1258127687&quot;,&quot;copyright&quot;:&quot;&quot;,&quot;focal_length&quot;:&quot;5&quot;,&quot;iso&quot;:&quot;80&quot;,&quot;shutter_speed&quot;:&quot;0.076923076923077&quot;,&quot;title&quot;:&quot;&quot;,&quot;orientation&quot;:&quot;1&quot;}\" data-image-title=\"ejecter carte\" data-image-description=\"\" data-image-caption=\"\" data-large-file=\"https:\/\/www.gps-carminat.com\/v3\/wp-content\/uploads\/2018\/07\/ejecter-carte.jpg\" class=\"aligncenter size-full wp-image-2848\" src=\"https:\/\/www.gps-carminat.com\/v3\/wp-content\/uploads\/2018\/07\/ejecter-carte.jpg\" alt=\"\" width=\"640\" height=\"480\" srcset=\"https:\/\/www.gps-carminat.com\/v3\/wp-content\/uploads\/2018\/07\/ejecter-carte.jpg 640w, https:\/\/www.gps-carminat.com\/v3\/wp-content\/uploads\/2018\/07\/ejecter-carte-300x225.jpg 300w, https:\/\/www.gps-carminat.com\/v3\/wp-content\/uploads\/2018\/07\/ejecter-carte-400x300.jpg 400w\" sizes=\"auto, (max-width: 640px) 100vw, 640px\" \/><\/a><\/p>\n<p>Pour mettre \u00e0 jour votre Carminat, proc\u00e9dez comme suit\u00a0:<\/p>\n<ol>\n<li style=\"list-style-type: none;\">\n<ol>\n<li>Dans le menu principal de votre Carminat TomTom, s\u00e9lectionnez\u00a0<strong>Retirer la carte SD<\/strong>.<\/li>\n<li>Attendez que le message\u00a0<strong>Vous pouvez maintenant retirer votre carte SD en toute s\u00e9curit\u00e9<\/strong>\u00a0s&rsquo;affiche.<\/li>\n<li>Retirez la carte SD de votre Carminat TomTom.<\/li>\n<li>Ins\u00e9rez votre carte SD dans le lecteur de carte connect\u00e9 \u00e0 votre ordinateur.<\/li>\n<li>Si vous n&rsquo;avez pas encore install\u00e9 TomTom HOME sur votre ordinateur, vous pouvez le t\u00e9l\u00e9charger ici\u00a0:<br \/>\n<table>\n<tbody>\n<tr>\n<td><img decoding=\"async\" src=\"https:\/\/uk.support.tomtom.com\/euf\/assets\/images\/public\/icons\/vista.gif\" alt=\"Image\" \/><\/td>\n<td width=\"10\"><\/td>\n<td><a href=\"http:\/\/download.tomtom.com\/sweet\/application\/home2latest\/TomTomHOME2winlatest.exe\">T\u00e9l\u00e9charger TomTom HOME pour Windows<\/a><\/td>\n<\/tr>\n<tr>\n<td colspan=\"3\"><\/td>\n<\/tr>\n<tr>\n<td><img decoding=\"async\" src=\"https:\/\/uk.support.tomtom.com\/euf\/assets\/images\/public\/icons\/apple.gif\" alt=\"Image\" \/><\/td>\n<td><\/td>\n<td><a href=\"http:\/\/download.tomtom.com\/sweet\/application\/home2latest\/TomTomHOME2maclatest.dmg\">T\u00e9l\u00e9charger TomTom HOME pour Mac\u00a0OS\u00a0X<\/a><\/td>\n<\/tr>\n<\/tbody>\n<\/table>\n<\/li>\n<\/ol>\n<\/li>\n<\/ol>\n<p><script async src=\"\/\/pagead2.googlesyndication.com\/pagead\/js\/adsbygoogle.js\"><\/script><br \/>\n<!-- carminat v3 responsive --><br \/>\n<ins class=\"adsbygoogle\" style=\"display: block;\" data-ad-client=\"ca-pub-6295180017562087\" data-ad-slot=\"8112832501\" data-ad-format=\"auto\"><\/ins><br \/>\n<script>\n(adsbygoogle = window.adsbygoogle || []).push({});\n<\/script><\/p>\n<ol>\n<li>Si HOME ne recherche pas automatiquement les mises \u00e0 jour, cliquez sur\u00a0<strong>Mettre \u00e0 jour mon appareil<\/strong>\u00a0dans le menu de HOME.<img decoding=\"async\" src=\"https:\/\/uk.support.tomtom.com\/euf\/assets\/images\/public\/icons\/update_my_device_uk.gif\" alt=\"Image\" border=\"0\" \/>\n<div class=\"info\"><strong>Remarque<\/strong>\u00a0: si vous souhaitez installer une application pr\u00e9c\u00e9demment t\u00e9l\u00e9charg\u00e9e, cliquez sur\u00a0<strong>Ajouter Trafic, Voix, Radars, etc.<\/strong>\u00a0&gt;\u00a0<strong>\u00c9l\u00e9ments sur mon ordinateur<\/strong>.<\/div>\n<\/li>\n<li>Si une nouvelle application est disponible, elle appara\u00eet \u00e0 l&rsquo;\u00e9cran suivant.<img decoding=\"async\" src=\"https:\/\/uk.support.tomtom.com\/euf\/assets\/images\/public\/1732_application_update_uk.gif\" alt=\"Image\" border=\"1\" \/>Assurez-vous que la nouvelle application est s\u00e9lectionn\u00e9e puis cliquez sur\u00a0<strong>T\u00e9l\u00e9charger les mises \u00e0 jour<\/strong>.\n<p>HOME t\u00e9l\u00e9charge les \u00e9l\u00e9ments s\u00e9lectionn\u00e9s&#8230;<\/p>\n<p><img decoding=\"async\" src=\"https:\/\/uk.support.tomtom.com\/euf\/assets\/images\/public\/1732_download_app_uk.gif\" alt=\"Image\" border=\"0\" \/><\/p>\n<p>HOME installe ensuite les \u00e9l\u00e9ments s\u00e9lectionn\u00e9s sur votre appareil.<\/p>\n<p><img decoding=\"async\" src=\"https:\/\/uk.support.tomtom.com\/euf\/assets\/images\/public\/1732_install_app_uk.gif\" alt=\"Image\" border=\"0\" \/><\/li>\n<li>Cliquez sur\u00a0<strong>Termin\u00e9<\/strong>.<\/li>\n<li>Cliquez sur\u00a0<strong>Appareil<\/strong>\u00a0&gt;\u00a0<strong>D\u00e9connecter l&rsquo;appareil\u00a0<\/strong>dans le menu de HOME. Vous pouvez alors d\u00e9brancher votre appareil de votre ordinateur.<\/li>\n<li>Dans votre v\u00e9hicule, assurez-vous que votre Carminat TomTom et la radio sont \u00e9teints, puis ins\u00e9rez la carte SD dans votre Carminat.<\/li>\n<li>Mettez le contact de votre v\u00e9hicule.<\/li>\n<li>Plusieurs \u00e9crans s&rsquo;affichent. Lorsque vous y \u00eates invit\u00e9, confirmez l&rsquo;installation en cliquant sur\u00a0<strong>Oui<\/strong>.L&rsquo;installation prend environ 2\u00a0minutes.<br \/>\n\u00c0 la fin de l&rsquo;installation, le Carminat TomTom red\u00e9marre automatiquement.<\/li>\n<li>La premi\u00e8re partie de l&rsquo;installation est maintenant termin\u00e9e. R\u00e9p\u00e9tez les \u00e9tapes\u00a01 \u00e0 9 pour t\u00e9l\u00e9charger la mise \u00e0 jour du service Zones de danger pour les cartes sur lesquelles figure la France, sans frais suppl\u00e9mentaires.<\/li>\n<\/ol>\n<p><script async src=\"\/\/pagead2.googlesyndication.com\/pagead\/js\/adsbygoogle.js\"><\/script><br \/>\n<!-- carminat v3 responsive --><br \/>\n<ins class=\"adsbygoogle\" style=\"display: block;\" data-ad-client=\"ca-pub-6295180017562087\" data-ad-slot=\"8112832501\" data-ad-format=\"auto\"><\/ins><br \/>\n<script>\n(adsbygoogle = window.adsbygoogle || []).push({});\n<\/script><\/p>\n<h3>Quelle est la carte la plus \u00e0 jour?<\/h3>\n<p>Voici un tableau avec les derni\u00e8res versions cartographiques disponibles.<\/p>\n<p>Note: c&rsquo;est la mise \u00e0 jour v1011 qui comporte le passage des 80km\/h en France.<\/p>\n\n<table id=\"tablepress-55\" class=\"tablepress tablepress-id-55\">\n<thead>\n<tr class=\"row-1\">\n\t<th class=\"column-1\">Version carte<\/th><th class=\"column-2\">Date publication <\/th><th class=\"column-3\">Date des donn\u00e9es<\/th>\n<\/tr>\n<\/thead>\n<tbody class=\"row-striping\">\n<tr class=\"row-2\">\n\t<td class=\"column-1\">v1082<\/td><td class=\"column-2\">01\/2022<\/td><td class=\"column-3\">? (juste les cartes contenant la France)<\/td>\n<\/tr>\n<tr class=\"row-3\">\n\t<td class=\"column-1\">v1080<\/td><td class=\"column-2\">11\/2021<\/td><td class=\"column-3\">08\/2021<\/td>\n<\/tr>\n<tr class=\"row-4\">\n\t<td class=\"column-1\">v1075<\/td><td class=\"column-2\">08\/2021<\/td><td class=\"column-3\">05\/2021<\/td>\n<\/tr>\n<tr class=\"row-5\">\n\t<td class=\"column-1\">v1070<\/td><td class=\"column-2\">05\/2021<\/td><td class=\"column-3\">02\/2021<\/td>\n<\/tr>\n<tr class=\"row-6\">\n\t<td class=\"column-1\">v1065<\/td><td class=\"column-2\">02\/2021<\/td><td class=\"column-3\">12\/2020<\/td>\n<\/tr>\n<tr class=\"row-7\">\n\t<td class=\"column-1\">v1060<\/td><td class=\"column-2\">11\/2020<\/td><td class=\"column-3\">08\/2020<\/td>\n<\/tr>\n<tr class=\"row-8\">\n\t<td class=\"column-1\">v1055<\/td><td class=\"column-2\">08\/2020<\/td><td class=\"column-3\">05\/2020<\/td>\n<\/tr>\n<tr class=\"row-9\">\n\t<td class=\"column-1\">v1050<\/td><td class=\"column-2\">26\/05\/2020<\/td><td class=\"column-3\">02\/2020<\/td>\n<\/tr>\n<tr class=\"row-10\">\n\t<td class=\"column-1\">v1045<\/td><td class=\"column-2\">25\/02\/2020<\/td><td class=\"column-3\">12\/2019<\/td>\n<\/tr>\n<tr class=\"row-11\">\n\t<td class=\"column-1\">v1040<\/td><td class=\"column-2\">26\/11\/2019<\/td><td class=\"column-3\">08\/2019<\/td>\n<\/tr>\n<tr class=\"row-12\">\n\t<td class=\"column-1\">v1035<\/td><td class=\"column-2\">27\/08\/2019<\/td><td class=\"column-3\">06\/2019<\/td>\n<\/tr>\n<tr class=\"row-13\">\n\t<td class=\"column-1\">v1030<\/td><td class=\"column-2\">06\/06\/2019<\/td><td class=\"column-3\">04\/2019<\/td>\n<\/tr>\n<tr class=\"row-14\">\n\t<td class=\"column-1\">v1025<\/td><td class=\"column-2\">26\/02\/2019<\/td><td class=\"column-3\">12\/2018<\/td>\n<\/tr>\n<tr class=\"row-15\">\n\t<td class=\"column-1\">v1020<\/td><td class=\"column-2\">04\/12\/2018<\/td><td class=\"column-3\">09\/2018<\/td>\n<\/tr>\n<tr class=\"row-16\">\n\t<td class=\"column-1\">v1015<\/td><td class=\"column-2\">30\/08\/2018<\/td><td class=\"column-3\">06\/2018<\/td>\n<\/tr>\n<tr class=\"row-17\">\n\t<td class=\"column-1\">v1011<\/td><td class=\"column-2\">29\/06\/2018<\/td><td class=\"column-3\">04\/2018<\/td>\n<\/tr>\n<tr class=\"row-18\">\n\t<td class=\"column-1\">v1010<\/td><td class=\"column-2\">12\/06\/2018<\/td><td class=\"column-3\">04\/2018<\/td>\n<\/tr>\n<tr class=\"row-19\">\n\t<td class=\"column-1\">v1005<\/td><td class=\"column-2\">27\/02\/2018<\/td><td class=\"column-3\">12\/2017<\/td>\n<\/tr>\n<tr class=\"row-20\">\n\t<td class=\"column-1\">v1000<\/td><td class=\"column-2\">16\/11\/2017<\/td><td class=\"column-3\">08\/2017<\/td>\n<\/tr>\n<tr class=\"row-21\">\n\t<td class=\"column-1\">v996<\/td><td class=\"column-2\">19\/09\/2017<\/td><td class=\"column-3\">06\/2017<\/td>\n<\/tr>\n<tr class=\"row-22\">\n\t<td class=\"column-1\">v995<\/td><td class=\"column-2\">17\/08\/2017<\/td><td class=\"column-3\">05\/2017<\/td>\n<\/tr>\n<tr class=\"row-23\">\n\t<td class=\"column-1\">v990<\/td><td class=\"column-2\">16\/05\/2017<\/td><td class=\"column-3\">05\/2017<\/td>\n<\/tr>\n<tr class=\"row-24\">\n\t<td class=\"column-1\">v985<\/td><td class=\"column-2\">16\/02\/2017<\/td><td class=\"column-3\">11\/2016<\/td>\n<\/tr>\n<tr class=\"row-25\">\n\t<td class=\"column-1\">v980<\/td><td class=\"column-2\">22\/11\/2016<\/td><td class=\"column-3\">08\/2016<\/td>\n<\/tr>\n<\/tbody>\n<\/table>\n<!-- #tablepress-55 from cache -->\n<p>Si vous poss\u00e9dez un abonnement cartographique actif vous pourrez vous procurer la carte depuis TomTom Home. Je rappel les prix des abonnements:<\/p>\n<ul>\n<li>France 1 an (4 mises \u00e0 jour) 49,95\u20ac<\/li>\n<li>Europe occidentale 1 an (4 mises \u00e0 jour) 64,95\u20ac<\/li>\n<\/ul>\n<p>Vous pouvez aussi acheter une carte unique via TomTom Home mais je ne trouve pas que ce soit int\u00e9ressant financi\u00e8rement<\/p>\n<ul>\n<li>France 44,95\u20ac<\/li>\n<li>Europe occidentale 54,95\u20ac<\/li>\n<\/ul>\n<h3>Suis-je \u00e0 jour pour le logiciel?<\/h3>\n<p>Voici les diff\u00e9rentes versions logicielles pour le Carminat TomTom.<\/p>\n<p><script async src=\"\/\/pagead2.googlesyndication.com\/pagead\/js\/adsbygoogle.js\"><\/script><br \/>\n<!-- carminat v3 responsive --><br \/>\n<ins class=\"adsbygoogle\" style=\"display: block;\" data-ad-client=\"ca-pub-6295180017562087\" data-ad-slot=\"8112832501\" data-ad-format=\"auto\"><\/ins><br \/>\n<script>\n(adsbygoogle = window.adsbygoogle || []).push({});\n<\/script><\/p>\n\n<table id=\"tablepress-54\" class=\"tablepress tablepress-id-54 tbody-has-connected-cells\">\n<thead>\n<tr class=\"row-1\">\n\t<td class=\"column-1\"><\/td><th class=\"column-2\">Votre version logicielle<\/th><th class=\"column-3\">La version la plus \u00e0 jour<\/th>\n<\/tr>\n<\/thead>\n<tbody class=\"row-striping\">\n<tr class=\"row-2\">\n\t<td rowspan=\"5\" class=\"column-1\">Carminat TomTom <\/td><td class=\"column-2\">7.841<\/td><td rowspan=\"5\" class=\"column-3\">8.842<br \/>\n<br \/>\n<strong><span style=\"color: #ff0000;\">Correction du bug WNRO <br \/>\n<br \/>\n<a href=\"https:\/\/www.gps-carminat.com\/v3\/2019\/02\/03\/r-link-1-et-carminat-tomtom-non-live-mise-a-jour-importante\">Voir cet article<\/a><\/span><\/strong><\/td>\n<\/tr>\n<tr class=\"row-3\">\n\t<td class=\"column-2\">7.842<\/td>\n<\/tr>\n<tr class=\"row-4\">\n\t<td class=\"column-2\">8.840<\/td>\n<\/tr>\n<tr class=\"row-5\">\n\t<td class=\"column-2\">8.841<\/td>\n<\/tr>\n<tr class=\"row-6\">\n\t<td class=\"column-2\">8.842<\/td>\n<\/tr>\n<tr class=\"row-7\">\n\t<td class=\"column-1\"><\/td><td class=\"column-2\"><\/td><td class=\"column-3\"><\/td>\n<\/tr>\n<tr class=\"row-8\">\n\t<td rowspan=\"8\" class=\"column-1\">Carminat TomTom Live<\/td><td class=\"column-2\">9.842<\/td><td rowspan=\"8\" class=\"column-3\">9.884<\/td>\n<\/tr>\n<tr class=\"row-9\">\n\t<td class=\"column-2\">9.843<\/td>\n<\/tr>\n<tr class=\"row-10\">\n\t<td class=\"column-2\">9.844<\/td>\n<\/tr>\n<tr class=\"row-11\">\n\t<td class=\"column-2\">9.845<\/td>\n<\/tr>\n<tr class=\"row-12\">\n\t<td class=\"column-2\">9.846<\/td>\n<\/tr>\n<tr class=\"row-13\">\n\t<td class=\"column-2\">9.847<\/td>\n<\/tr>\n<tr class=\"row-14\">\n\t<td class=\"column-2\">9.883<\/td>\n<\/tr>\n<tr class=\"row-15\">\n\t<td class=\"column-2\">9.884<\/td>\n<\/tr>\n<\/tbody>\n<\/table>\n<!-- #tablepress-54 from cache -->\n<p>&nbsp;<\/p>\n<h3>T\u00e9l\u00e9charger TomTom Home<\/h3>\n<p>Vous pouvez t\u00e9l\u00e9charger TomTom pour PC avec <a href=\"http:\/\/download.tomtom.com\/sweet\/application\/home2latest\/TomTomHOME2winlatest.exe\">ce lien<\/a>.<\/p>\n<!-- AddThis Advanced Settings generic via filter on the_content --><!-- AddThis Share Buttons generic via filter on the_content -->","protected":false},"excerpt":{"rendered":"<p>Comme n&rsquo;importe quel GPS il est important de mettre jour le syst\u00e8me (le logiciel) mais aussi la carte qu&rsquo;utilise le GPS pour faire le guidage. Pour faire les mises \u00e0 jour il faudra \u00e9jecter correctement la carte SD dans les &hellip; <a href=\"https:\/\/www.gps-carminat.com\/v3\/carminat-tomtom\/mettre-a-jour-carminat-tomtom\/\">Continuer la lecture <span class=\"meta-nav\">&rarr;<\/span><\/a><!-- AddThis Advanced Settings generic via filter on get_the_excerpt --><!-- AddThis Share Buttons generic via filter on get_the_excerpt --><\/p>\n","protected":false},"author":1,"featured_media":0,"parent":337,"menu_order":0,"comment_status":"closed","ping_status":"closed","template":"","meta":{"advanced_seo_description":"","jetpack_seo_html_title":"","jetpack_seo_noindex":false,"footnotes":""},"class_list":["post-2842","page","type-page","status-publish","hentry"],"jetpack_sharing_enabled":true,"_links":{"self":[{"href":"https:\/\/www.gps-carminat.com\/v3\/wp-json\/wp\/v2\/pages\/2842","targetHints":{"allow":["GET"]}}],"collection":[{"href":"https:\/\/www.gps-carminat.com\/v3\/wp-json\/wp\/v2\/pages"}],"about":[{"href":"https:\/\/www.gps-carminat.com\/v3\/wp-json\/wp\/v2\/types\/page"}],"author":[{"embeddable":true,"href":"https:\/\/www.gps-carminat.com\/v3\/wp-json\/wp\/v2\/users\/1"}],"replies":[{"embeddable":true,"href":"https:\/\/www.gps-carminat.com\/v3\/wp-json\/wp\/v2\/comments?post=2842"}],"version-history":[{"count":0,"href":"https:\/\/www.gps-carminat.com\/v3\/wp-json\/wp\/v2\/pages\/2842\/revisions"}],"up":[{"embeddable":true,"href":"https:\/\/www.gps-carminat.com\/v3\/wp-json\/wp\/v2\/pages\/337"}],"wp:attachment":[{"href":"https:\/\/www.gps-carminat.com\/v3\/wp-json\/wp\/v2\/media?parent=2842"}],"curies":[{"name":"wp","href":"https:\/\/api.w.org\/{rel}","templated":true}]}}