{"id":381,"date":"2012-09-05T22:51:54","date_gmt":"2012-09-05T21:51:54","guid":{"rendered":"https:\/\/www.gps-carminat.com\/v3\/?page_id=381"},"modified":"2012-10-17T11:39:13","modified_gmt":"2012-10-17T09:39:13","slug":"dispositif","status":"publish","type":"page","link":"https:\/\/www.gps-carminat.com\/v3\/carminat-bluetooth-cd\/dispositif\/","title":{"rendered":"Dispositif"},"content":{"rendered":"<p>Le syst\u00e8me est compos\u00e9 de plusieurs \u00e9l\u00e9ments qui vont permettre une utilisation ais\u00e9e. En voici une pr\u00e9sentation.<\/p>\n<h3>Un \u00e9cran couleur<\/h3>\n<p>G\u00e9n\u00e9ralement au milieu de la planche de bord sous une casquette, c&rsquo;est la partie la plus visible du syst\u00e8me.<\/p>\n<p><img loading=\"lazy\" decoding=\"async\" src=\"\/v3\/images\/cbcd\/dispositif\/19032008159.jpg\" alt=\"\" width=\"350\" height=\"263\" \/><\/p>\n<p>&nbsp;<\/p>\n<div class=\"pubmain\">\n<script type=\"text\/javascript\"><!--\ngoogle_ad_client = \"ca-pub-6295180017562087\";\n\/* V3 *\/\ngoogle_ad_slot = \"8915205629\";\ngoogle_ad_width = 728;\ngoogle_ad_height = 90;\n\/\/-->\n<\/script><br \/>\n<script type=\"text\/javascript\"\nsrc=\"http:\/\/pagead2.googlesyndication.com\/pagead\/show_ads.js\">\n<\/script><\/div>\n<p>&nbsp;<\/p>\n<h3>L&rsquo;interface de commande<\/h3>\n<p>Les boutons situ\u00e9s sur la fa\u00e7ade de l&rsquo;autoradio. On y trouve une molette tournante permettant de naviguer d&rsquo;un menu \u00e0 l&rsquo;autre, de 2 boutons permettant le passage d&rsquo;un menu \u00e0 l&rsquo;autre de fa\u00e7on horizontal, et des boutons d&rsquo;acc\u00e8s direct par exemple au menu navigation ou configuration.<\/p>\n<p><img loading=\"lazy\" decoding=\"async\" src=\"\/v3\/images\/cbcd\/dispositif\/dispositif.png\" alt=\"\" width=\"700\" height=\"400\" \/><\/p>\n<h3>Le CD cartographique<\/h3>\n<p>C&rsquo;est un CD contenant des cartes sous un format num\u00e9rique avec en plus des POI, c&rsquo;est \u00e0 dire des adresses pratiques comme par exemple des mus\u00e9es ou des stations services.<\/p>\n<p><img loading=\"lazy\" decoding=\"async\" src=\"\/v3\/images\/cni1\/dispositif\/cn1464copie.gif\" alt=\"\" width=\"285\" height=\"269\" \/><\/p>\n<p>&nbsp;<\/p>\n<div class=\"pubmain\">\n<script type=\"text\/javascript\"><!--\ngoogle_ad_client = \"ca-pub-6295180017562087\";\n\/* V3 *\/\ngoogle_ad_slot = \"8915205629\";\ngoogle_ad_width = 728;\ngoogle_ad_height = 90;\n\/\/-->\n<\/script><br \/>\n<script type=\"text\/javascript\"\nsrc=\"http:\/\/pagead2.googlesyndication.com\/pagead\/show_ads.js\">\n<\/script><\/div>\n<p>&nbsp;<\/p>\n<h3>Un POI (Point Of Interest)<\/h3>\n<p>Ce sont des donn\u00e9es suppl\u00e9mentaires qui sont sur le CD comme par exemple les garages Renault, les stations-service, mairie, restaurant, h\u00f4tel&#8230; avec le plus souvent le num\u00e9ro de t\u00e9l\u00e9phone.<\/p>\n<!-- AddThis Advanced Settings generic via filter on the_content --><!-- AddThis Share Buttons generic via filter on the_content -->","protected":false},"excerpt":{"rendered":"<p>Le syst\u00e8me est compos\u00e9 de plusieurs \u00e9l\u00e9ments qui vont permettre une utilisation ais\u00e9e. En voici une pr\u00e9sentation. Un \u00e9cran couleur G\u00e9n\u00e9ralement au milieu de la planche de bord sous une casquette, c&rsquo;est la partie la plus visible du syst\u00e8me. &nbsp; &hellip; <a href=\"https:\/\/www.gps-carminat.com\/v3\/carminat-bluetooth-cd\/dispositif\/\">Continuer la lecture <span class=\"meta-nav\">&rarr;<\/span><\/a><!-- AddThis Advanced Settings generic via filter on get_the_excerpt --><!-- AddThis Share Buttons generic via filter on get_the_excerpt --><\/p>\n","protected":false},"author":1,"featured_media":0,"parent":376,"menu_order":1,"comment_status":"open","ping_status":"open","template":"","meta":{"advanced_seo_description":"","jetpack_seo_html_title":"","jetpack_seo_noindex":false,"footnotes":""},"class_list":["post-381","page","type-page","status-publish","hentry"],"jetpack_sharing_enabled":true,"_links":{"self":[{"href":"https:\/\/www.gps-carminat.com\/v3\/wp-json\/wp\/v2\/pages\/381","targetHints":{"allow":["GET"]}}],"collection":[{"href":"https:\/\/www.gps-carminat.com\/v3\/wp-json\/wp\/v2\/pages"}],"about":[{"href":"https:\/\/www.gps-carminat.com\/v3\/wp-json\/wp\/v2\/types\/page"}],"author":[{"embeddable":true,"href":"https:\/\/www.gps-carminat.com\/v3\/wp-json\/wp\/v2\/users\/1"}],"replies":[{"embeddable":true,"href":"https:\/\/www.gps-carminat.com\/v3\/wp-json\/wp\/v2\/comments?post=381"}],"version-history":[{"count":0,"href":"https:\/\/www.gps-carminat.com\/v3\/wp-json\/wp\/v2\/pages\/381\/revisions"}],"up":[{"embeddable":true,"href":"https:\/\/www.gps-carminat.com\/v3\/wp-json\/wp\/v2\/pages\/376"}],"wp:attachment":[{"href":"https:\/\/www.gps-carminat.com\/v3\/wp-json\/wp\/v2\/media?parent=381"}],"curies":[{"name":"wp","href":"https:\/\/api.w.org\/{rel}","templated":true}]}}