{"id":439,"date":"2012-09-06T10:17:54","date_gmt":"2012-09-06T09:17:54","guid":{"rendered":"https:\/\/www.gps-carminat.com\/v3\/?page_id=439"},"modified":"2012-10-17T11:36:54","modified_gmt":"2012-10-17T09:36:54","slug":"support","status":"publish","type":"page","link":"https:\/\/www.gps-carminat.com\/v3\/carminat-navigation-informe-2\/support\/","title":{"rendered":"Support"},"content":{"rendered":"<p>Voici les questions les plus fr\u00e9quemment pos\u00e9es sur ce syst\u00e8me GPS. Vous y trouverez certainement la r\u00e9ponse \u00e0 vos interrogations.<\/p>\n<p>&nbsp;<\/p>\n<div class=\"pubmain\">\n<script type=\"text\/javascript\"><!--\ngoogle_ad_client = \"ca-pub-6295180017562087\";\n\/* V3 *\/\ngoogle_ad_slot = \"8915205629\";\ngoogle_ad_width = 728;\ngoogle_ad_height = 90;\n\/\/-->\n<\/script><br \/>\n<script type=\"text\/javascript\"\nsrc=\"http:\/\/pagead2.googlesyndication.com\/pagead\/show_ads.js\">\n<\/script><\/div>\n<p>&nbsp;<\/p>\n<h4>Est-il possible de rajouter les radars?\u00a0<em>(\u00e7a c\u2019est vraiment la question constamment en haut du box-office\u2026)<\/em><\/h4>\n<p>Il n\u2019est malheureusement pas possible de rajouter les radars sur le CNI 1.<\/p>\n<h4>Je poss\u00e8de actuellement la derni\u00e8re cartographie sortie pourtant il subsiste des erreurs.<\/h4>\n<p>Sachez d\u2019abord que Renault n\u2019est pas reponsable de la cartographie: C\u2019est une soci\u00e9t\u00e9 appel\u00e9 Navteq qui est le fournisseur de la cartographie. Il nous est tout \u00e0 fait possible de leur signaler une erreur en passant par leur site web. Vous devrez alors renseigner une fiche avec l\u2019adresse exacte et les changements constat\u00e9s.<\/p>\n<p><a href=\"http:\/\/mapreporter.navteq.com\/dur-web-external\/secured\/submitDur.do?userType=CONSUMER&amp;language=fr\">Acc\u00e9der au site Navteq<\/a><\/p>\n<h4>Est il possible de supprimer l\u2019\u00e9cran d\u2019accueil pour qu\u2019il affiche directement la carte?<\/h4>\n<div><\/div>\n<p>Malheureusement aucune solution n\u2019a \u00e9t\u00e9 trouv\u00e9e pour r\u00e9gler ce d\u00e9tail.<\/p>\n<h4><\/h4>\n<h4>Est il possible de copier son CD cartographique pour le garder au chaud chez soi?<\/h4>\n<p>Oui et cette op\u00e9ration est m\u00eame conseill\u00e9e: d\u2019abord parce-que vu le prix d\u2019un CD cartographique \u00e7a limite la perte en cas de vol par exemple, mais aussi parce-qu\u2019\u00e0 force d\u2019\u00eatre dans le lecteur il peut, dans certains cas, s\u2019ab\u00eemer avec le temps.<\/p>\n<h4>Je viens d\u2019ins\u00e9rer mon CD cartographique mais celui-ci est constamment \u00e9ject\u00e9.<\/h4>\n<p>D\u2019abord si c\u2019est un CD grav\u00e9 (l\u2019original \u00e9tant chez vous) peut \u00eatre l\u2019avez vous grav\u00e9 avec une vitesse trop \u00e9lev\u00e9e. Essayez alors avec une vitesse plus faible et un CD de marque pour b\u00e9n\u00e9ficier d\u2019une meilleure qualit\u00e9.<br \/>\nSi c\u2019est un CD neuf, celui ci peut \u00eatre gras ce qui peut m\u00eame entra\u00eener dans des cas extr\u00eames (fort rares heureusement) le clignotement de l\u2019interface de commande. Dans tous les cas, un nettoyage de la lentille avec un CD nettoyeur peut r\u00e9soudre bien des probl\u00e8mes.<\/p>\n<p>&nbsp;<\/p>\n<div class=\"pubmain\">\n<script type=\"text\/javascript\"><!--\ngoogle_ad_client = \"ca-pub-6295180017562087\";\n\/* V3 *\/\ngoogle_ad_slot = \"8915205629\";\ngoogle_ad_width = 728;\ngoogle_ad_height = 90;\n\/\/-->\n<\/script><br \/>\n<script type=\"text\/javascript\"\nsrc=\"http:\/\/pagead2.googlesyndication.com\/pagead\/show_ads.js\">\n<\/script><\/div>\n<p>&nbsp;<\/p>\n<h4>La repr\u00e9sentation du v\u00e9hicule avance tout seul sur la carte alors que je suis \u00e0 l\u2019arr\u00eat.<\/h4>\n<table width=\"700\" border=\"1\">\n<tbody>\n<tr>\n<td><img decoding=\"async\" src=\"http:\/\/www.gps-carminat.com\/fr\/images\/cni1\/support\/10.jpg\" alt=\"\" \/><\/td>\n<td>La simulation est certainement activ\u00e9e.<br \/>\nAllez dans le menu diagnostic: (<strong>Configuration<\/strong>\u00a0&gt;<strong>Information syst\u00e8me<\/strong>\u00a0&gt;\u00a0<strong>Diagnostic)<\/strong><br \/>\nLe syst\u00e8me demande un code d\u2019acc\u00e8s qui est le:<strong>4112<\/strong>.<\/td>\n<\/tr>\n<tr>\n<td><img decoding=\"async\" src=\"http:\/\/www.gps-carminat.com\/fr\/images\/cni1\/support\/11.jpg\" alt=\"\" \/><\/td>\n<td>Allez dans le menu\u00a0<strong>SIMULATION<\/strong>.<\/td>\n<\/tr>\n<tr>\n<td><img decoding=\"async\" src=\"http:\/\/www.gps-carminat.com\/fr\/images\/cni1\/support\/12.jpg\" alt=\"\" \/><\/td>\n<td>Activez l\u2019option\u00a0<strong>SIMULATION INUTILISABLE<\/strong>.<br \/>\nEnsuite appuyez sur la touche<strong>\u00a0M<\/strong>\u00a0pour sortir.\u00a0Ne modifiez pas d\u2019autres options cela pourrait rendre inutilisable votre syst\u00e8me.<\/td>\n<\/tr>\n<\/tbody>\n<\/table>\n<h4>Le syst\u00e8me s\u2019est \u00e9teint et il a fallu que je red\u00e9marre pour que tout remarche.<\/h4>\n<p>Cela peut arriver par tr\u00e8s forte chaleur, si l\u2019habitacle n\u2019est pas refroidi pendant son fonctionnement, le syst\u00e8me peut alors se mettre en s\u00e9curit\u00e9. Il faut alors attendre que le syst\u00e8me refroidisse. Personnellement \u00e7a ne m\u2019est arriv\u00e9 qu\u2019une seule fois en 4 ans et je l\u2019avais un peu cherch\u00e9\u2026<\/p>\n<h4>La r\u00e9ception GPS est constamment rouge alors que je suis dans une zone d\u00e9gag\u00e9e.<\/h4>\n<p>Il arrive que, dans certains cass il y ait une oxydation de l\u2019antenne GPS situ\u00e9e sur le toit, celle-ci sera donc \u00e0 remplacer.<br \/>\nIl arrive aussi que le c\u00e2ble se d\u00e9branche du bo\u00eetier de l\u2019UC.<\/p>\n<h4>Est il possible d\u2019avoir la vitesse calcul\u00e9e \u00e0 l\u2019aide des donn\u00e9es satellites?<\/h4>\n<p>Tout d\u2019abord le syst\u00e8me ne calcule pas la vitesse du v\u00e9hicule par ce biais l\u00e0 mais gr\u00e2ce au tachym\u00e8tre du v\u00e9hicule. Si justement vous vouliez utiliser cette m\u00e9thode pour \u00e9talonner le dit tachym\u00e8tre j\u2019en ai une autre:<br \/>\ntrouvez-vous un radar dans une ligne droite sur l\u2019autoroute flashant par l\u2019avant, passez plusieurs fois devant en augmentant \u00e0 chaque fois la vitesse d\u20191 Km\/h, je conseille d\u2019utiliser le r\u00e9gulateur de vitesse pour que le v\u00e9hicule soit bien \u00e0 vitesse constante.<br \/>\nLors du passage o\u00f9 il va vous flasher, vous serez exactement \u00e0 136 Km\/h. En plus vous aurez la confirmation de votre vitesse exacte par un papier officiel et authentifi\u00e9 par l\u2019Etat qui arrivera par la poste (r\u00e9clamez le si vous ne recevez rien au bout d\u2019un mois.)<br \/>\nCe service est payant (l\u2019\u00e9talonnage des appareils co\u00fbte cher), ainsi il vous en co\u00fbtera 45\u20ac et un point sur votre permis. Mais pour ce prix l\u00e0 vous pouvez demander la photo gratuitement (sisi) donc pensez \u00e0 le faire en famille et \u00e0 faire plein de grimaces.<\/p>\n<!-- AddThis Advanced Settings generic via filter on the_content --><!-- AddThis Share Buttons generic via filter on the_content -->","protected":false},"excerpt":{"rendered":"<p>Voici les questions les plus fr\u00e9quemment pos\u00e9es sur ce syst\u00e8me GPS. Vous y trouverez certainement la r\u00e9ponse \u00e0 vos interrogations. &nbsp; &nbsp; Est-il possible de rajouter les radars?\u00a0(\u00e7a c\u2019est vraiment la question constamment en haut du box-office\u2026) Il n\u2019est malheureusement &hellip; <a href=\"https:\/\/www.gps-carminat.com\/v3\/carminat-navigation-informe-2\/support\/\">Continuer la lecture <span class=\"meta-nav\">&rarr;<\/span><\/a><!-- AddThis Advanced Settings generic via filter on get_the_excerpt --><!-- AddThis Share Buttons generic via filter on get_the_excerpt --><\/p>\n","protected":false},"author":1,"featured_media":0,"parent":420,"menu_order":6,"comment_status":"open","ping_status":"open","template":"","meta":{"advanced_seo_description":"","jetpack_seo_html_title":"","jetpack_seo_noindex":false,"footnotes":""},"class_list":["post-439","page","type-page","status-publish","hentry"],"jetpack_sharing_enabled":true,"_links":{"self":[{"href":"https:\/\/www.gps-carminat.com\/v3\/wp-json\/wp\/v2\/pages\/439","targetHints":{"allow":["GET"]}}],"collection":[{"href":"https:\/\/www.gps-carminat.com\/v3\/wp-json\/wp\/v2\/pages"}],"about":[{"href":"https:\/\/www.gps-carminat.com\/v3\/wp-json\/wp\/v2\/types\/page"}],"author":[{"embeddable":true,"href":"https:\/\/www.gps-carminat.com\/v3\/wp-json\/wp\/v2\/users\/1"}],"replies":[{"embeddable":true,"href":"https:\/\/www.gps-carminat.com\/v3\/wp-json\/wp\/v2\/comments?post=439"}],"version-history":[{"count":0,"href":"https:\/\/www.gps-carminat.com\/v3\/wp-json\/wp\/v2\/pages\/439\/revisions"}],"up":[{"embeddable":true,"href":"https:\/\/www.gps-carminat.com\/v3\/wp-json\/wp\/v2\/pages\/420"}],"wp:attachment":[{"href":"https:\/\/www.gps-carminat.com\/v3\/wp-json\/wp\/v2\/media?parent=439"}],"curies":[{"name":"wp","href":"https:\/\/api.w.org\/{rel}","templated":true}]}}