{"id":457,"date":"2012-09-06T10:59:19","date_gmt":"2012-09-06T09:59:19","guid":{"rendered":"https:\/\/www.gps-carminat.com\/v3\/?page_id=457"},"modified":"2012-10-17T11:42:26","modified_gmt":"2012-10-17T09:42:26","slug":"dispositif","status":"publish","type":"page","link":"https:\/\/www.gps-carminat.com\/v3\/carminat-navigation-communication\/dispositif\/","title":{"rendered":"Dispositif"},"content":{"rendered":"<p>Le syst\u00e8me est compos\u00e9 de plusieurs \u00e9l\u00e9ments qui va permettre une utilisation ais\u00e9e du syst\u00e8me. Voici une pr\u00e9sentation succinte de chacun d&rsquo;eux.<\/p>\n<p>&nbsp;<\/p>\n<div class=\"pubmain\">\n<script type=\"text\/javascript\"><!--\ngoogle_ad_client = \"ca-pub-6295180017562087\";\n\/* V3 *\/\ngoogle_ad_slot = \"8915205629\";\ngoogle_ad_width = 728;\ngoogle_ad_height = 90;\n\/\/-->\n<\/script><br \/>\n<script type=\"text\/javascript\"\nsrc=\"http:\/\/pagead2.googlesyndication.com\/pagead\/show_ads.js\">\n<\/script><\/div>\n<p>&nbsp;<\/p>\n<h3>Un \u00e9cran couleur<\/h3>\n<p>G\u00e9n\u00e9ralement au milieu de la planche de bord sous une casquette<br \/>\nc&rsquo;est un \u00e9cran disposant d&rsquo;une diagonale de 6,5 pouces et d&rsquo;un format 16\/9 (480 x 234).<\/p>\n<p><img decoding=\"async\" src=\"\/v3\/images\/cnc\/dispositif\/ecran.png\" alt=\"\" \/><\/p>\n<h3>Une molette de navigation<\/h3>\n<p>Un joystick multi-directionnel avec les touches donnant acc\u00e8s aux principaux menus,<br \/>\nainsi on va pouvoir naviguer au sein des diff\u00e9rents menus et parcourir la carte.<\/p>\n<p><img decoding=\"async\" src=\"\/v3\/images\/cnc\/dispositif\/joystick.png\" alt=\"\" \/><\/p>\n<h3>Un micro<\/h3>\n<p>Situ\u00e9 dans le pavillon il permet de capter facilement la voix du conducteur.<\/p>\n<p><img decoding=\"async\" src=\"\/v3\/images\/cnc\/dispositif\/microphone.gif\" alt=\"\" \/><\/p>\n<h3>Le bouton de la commande vocale<\/h3>\n<p>Il permet d&rsquo;enclencher la commande vocale<\/p>\n<div><img decoding=\"async\" src=\"\/v3\/images\/cnc\/dispositif\/commande.png\" alt=\"\" \/><img decoding=\"async\" src=\"\/v3\/images\/cnc\/dispositif\/commandescenic.jpg\" alt=\"\" \/><\/div>\n<p><em>Photo de gauche: emplacement pour la majorit\u00e9 des mod\u00e8les<br \/>\nphoto de droite : emplacement sur le Sc\u00e9nic II.2<\/em><\/p>\n<h3>Le satellite de commande radio<\/h3>\n<p>Il permet de d\u00e9crocher le t\u00e9l\u00e9phone sans avoir \u00e0 utiliser le joystick<\/p>\n<p><img decoding=\"async\" src=\"\/v3\/images\/cnc\/conversation\/chc91.cde_volant-1.jpg\" alt=\"\" \/><\/p>\n<p>&nbsp;<\/p>\n<div class=\"pubmain\">\n<script type=\"text\/javascript\"><!--\ngoogle_ad_client = \"ca-pub-6295180017562087\";\n\/* V3 *\/\ngoogle_ad_slot = \"8915205629\";\ngoogle_ad_width = 728;\ngoogle_ad_height = 90;\n\/\/-->\n<\/script><br \/>\n<script type=\"text\/javascript\"\nsrc=\"http:\/\/pagead2.googlesyndication.com\/pagead\/show_ads.js\">\n<\/script><\/div>\n<p>&nbsp;<\/p>\n<h3>Le lecteur DVD<\/h3>\n<p>Souvent plac\u00e9 dans la bo\u00eete \u00e0 gant (ou au milieu de la console centrale) c&rsquo;est la partie visible<br \/>\ndu centre nervralgique du syst\u00e8me, il comporte le lecteur DVD et le module bluetooth.<\/p>\n<p><img decoding=\"async\" src=\"\/v3\/images\/cnc\/dispositif\/lecteurdvd2.gif\" alt=\"\" \/><\/p>\n<h3>Le DVD cartographique<\/h3>\n<p>C&rsquo;est un DVD contenant des cartes sous un format num\u00e9rique avec en plus des POI, c&rsquo;est \u00e0 dire<br \/>\ndes adresses pratiques comme par exemple des mus\u00e9es ou des stations service.<\/p>\n<!-- AddThis Advanced Settings generic via filter on the_content --><!-- AddThis Share Buttons generic via filter on the_content -->","protected":false},"excerpt":{"rendered":"<p>Le syst\u00e8me est compos\u00e9 de plusieurs \u00e9l\u00e9ments qui va permettre une utilisation ais\u00e9e du syst\u00e8me. Voici une pr\u00e9sentation succinte de chacun d&rsquo;eux. &nbsp; &nbsp; Un \u00e9cran couleur G\u00e9n\u00e9ralement au milieu de la planche de bord sous une casquette c&rsquo;est un &hellip; <a href=\"https:\/\/www.gps-carminat.com\/v3\/carminat-navigation-communication\/dispositif\/\">Continuer la lecture <span class=\"meta-nav\">&rarr;<\/span><\/a><!-- AddThis Advanced Settings generic via filter on get_the_excerpt --><!-- AddThis Share Buttons generic via filter on get_the_excerpt --><\/p>\n","protected":false},"author":1,"featured_media":0,"parent":455,"menu_order":1,"comment_status":"open","ping_status":"open","template":"","meta":{"advanced_seo_description":"","jetpack_seo_html_title":"","jetpack_seo_noindex":false,"footnotes":""},"class_list":["post-457","page","type-page","status-publish","hentry"],"jetpack_sharing_enabled":true,"_links":{"self":[{"href":"https:\/\/www.gps-carminat.com\/v3\/wp-json\/wp\/v2\/pages\/457","targetHints":{"allow":["GET"]}}],"collection":[{"href":"https:\/\/www.gps-carminat.com\/v3\/wp-json\/wp\/v2\/pages"}],"about":[{"href":"https:\/\/www.gps-carminat.com\/v3\/wp-json\/wp\/v2\/types\/page"}],"author":[{"embeddable":true,"href":"https:\/\/www.gps-carminat.com\/v3\/wp-json\/wp\/v2\/users\/1"}],"replies":[{"embeddable":true,"href":"https:\/\/www.gps-carminat.com\/v3\/wp-json\/wp\/v2\/comments?post=457"}],"version-history":[{"count":0,"href":"https:\/\/www.gps-carminat.com\/v3\/wp-json\/wp\/v2\/pages\/457\/revisions"}],"up":[{"embeddable":true,"href":"https:\/\/www.gps-carminat.com\/v3\/wp-json\/wp\/v2\/pages\/455"}],"wp:attachment":[{"href":"https:\/\/www.gps-carminat.com\/v3\/wp-json\/wp\/v2\/media?parent=457"}],"curies":[{"name":"wp","href":"https:\/\/api.w.org\/{rel}","templated":true}]}}