{"id":473,"date":"2012-09-06T12:00:42","date_gmt":"2012-09-06T11:00:42","guid":{"rendered":"https:\/\/www.gps-carminat.com\/v3\/?page_id=473"},"modified":"2017-06-27T13:02:18","modified_gmt":"2017-06-27T11:02:18","slug":"pendant-le-guidage","status":"publish","type":"page","link":"https:\/\/www.gps-carminat.com\/v3\/carminat-navigation-communication\/navigation\/pendant-le-guidage\/","title":{"rendered":"Pendant le guidage"},"content":{"rendered":"<p>&nbsp;<br \/>\n&nbsp;<\/p>\n<div class=\"pubmain\">\n<script type=\"text\/javascript\"><!--\ngoogle_ad_client = \"ca-pub-6295180017562087\";\n\/* V3 *\/\ngoogle_ad_slot = \"8915205629\";\ngoogle_ad_width = 728;\ngoogle_ad_height = 90;\n\/\/-->\n<\/script><br \/>\n<script type=\"text\/javascript\"\nsrc=\"http:\/\/pagead2.googlesyndication.com\/pagead\/show_ads.js\">\n<\/script><\/div>\n<p>&nbsp;<\/p>\n<div class=\"tableau\">\n\n<table id=\"tablepress-35\" class=\"tablepress tablepress-id-35\">\n<tbody>\n<tr class=\"row-1\">\n\t<td class=\"column-1\"><img decoding=\"async\" src=\"\/v3\/images\/cnc\/guidage\/chc91.2d_2djour.jpg\" alt=\"\" \/><\/td><td class=\"column-2\">L'\u00e9cran normal de navigation avec la distance avant le prochain changement de direction.<\/td>\n<\/tr>\n<tr class=\"row-2\">\n\t<td class=\"column-1\"><img decoding=\"async\" src=\"\/v3\/images\/cnc\/affichage\/indicdistance2.gif\" alt=\"\" \/><\/td><td class=\"column-2\">Voici l'\u00e9cran standard pour une intersection: il appara\u00eet alors<br \/>\r\n    sur la gauche une carte tr\u00e8s d\u00e9taill\u00e9e du carrefour, on pourra y voir le v\u00e9hicule \u00e9voluer dessus. On peut la faire appara\u00eetre \u00e0 l'avance avec la touche <strong>MAP main<\/strong>.<\/td>\n<\/tr>\n<tr class=\"row-3\">\n\t<td class=\"column-1\"><img decoding=\"async\" src=\"\/v3\/images\/cnc\/affichage\/indicdistance1.gif\" alt=\"\" \/><\/td><td class=\"column-2\">Dans le cas d'une voie rapide, on aura cet \u00e9cran pour la sortie.<br \/><br \/>\r\n      <span class=\"Style1\">Pour l'ITD2 il y a eu des am\u00e9liorations pour ce type d'\u00e9cran notamment si il y a plusieurs changements de directions \u00e0 faible distance.<\/span><\/td>\n<\/tr>\n<tr class=\"row-4\">\n\t<td class=\"column-1\"><img decoding=\"async\" src=\"\/v3\/images\/cnc\/affichage\/chc91.panneauA11_2.jpg\" alt=\"\" \/><\/td><td class=\"column-2\">Lors d'une sortie sur l'autoroute il y a une repr\u00e9sentation de<br \/>\r\n    celle-ci avec la voie sur lequel il faut se placer. C'est s\u00fbrement l'\u00e9cran le plus impressionnant de ce syst\u00e8me, il est le r\u00e9sultat de plus de 70 000 photos de panneaux faites par la soci\u00e9t\u00e9 charg\u00e9e de la cartographie<\/td>\n<\/tr>\n<\/tbody>\n<\/table>\n<!-- #tablepress-35 from cache -->\n<\/div>\n<!-- AddThis Advanced Settings generic via filter on the_content --><!-- AddThis Share Buttons generic via filter on the_content -->","protected":false},"excerpt":{"rendered":"<p>&nbsp; &nbsp; &nbsp;<!-- AddThis Advanced Settings generic via filter on get_the_excerpt --><!-- AddThis Share Buttons generic via filter on get_the_excerpt --><\/p>\n","protected":false},"author":1,"featured_media":0,"parent":469,"menu_order":2,"comment_status":"open","ping_status":"open","template":"","meta":{"advanced_seo_description":"","jetpack_seo_html_title":"","jetpack_seo_noindex":false,"footnotes":""},"class_list":["post-473","page","type-page","status-publish","hentry"],"jetpack_sharing_enabled":true,"_links":{"self":[{"href":"https:\/\/www.gps-carminat.com\/v3\/wp-json\/wp\/v2\/pages\/473","targetHints":{"allow":["GET"]}}],"collection":[{"href":"https:\/\/www.gps-carminat.com\/v3\/wp-json\/wp\/v2\/pages"}],"about":[{"href":"https:\/\/www.gps-carminat.com\/v3\/wp-json\/wp\/v2\/types\/page"}],"author":[{"embeddable":true,"href":"https:\/\/www.gps-carminat.com\/v3\/wp-json\/wp\/v2\/users\/1"}],"replies":[{"embeddable":true,"href":"https:\/\/www.gps-carminat.com\/v3\/wp-json\/wp\/v2\/comments?post=473"}],"version-history":[{"count":0,"href":"https:\/\/www.gps-carminat.com\/v3\/wp-json\/wp\/v2\/pages\/473\/revisions"}],"up":[{"embeddable":true,"href":"https:\/\/www.gps-carminat.com\/v3\/wp-json\/wp\/v2\/pages\/469"}],"wp:attachment":[{"href":"https:\/\/www.gps-carminat.com\/v3\/wp-json\/wp\/v2\/media?parent=473"}],"curies":[{"name":"wp","href":"https:\/\/api.w.org\/{rel}","templated":true}]}}