{"id":481,"date":"2012-09-06T12:12:45","date_gmt":"2012-09-06T11:12:45","guid":{"rendered":"https:\/\/www.gps-carminat.com\/v3\/?page_id=481"},"modified":"2017-06-27T13:02:52","modified_gmt":"2017-06-27T11:02:52","slug":"commande-vocale","status":"publish","type":"page","link":"https:\/\/www.gps-carminat.com\/v3\/carminat-navigation-communication\/navigation\/commande-vocale\/","title":{"rendered":"Commande vocale"},"content":{"rendered":"<p>Nous allons dans cette partie vous faire d\u00e9couvrir tout ce qui entoure la commande vocale qui permet de faire des miracles. Ici \u00e7a ne sera que ce qui concerne la navigation, pour la t\u00e9l\u00e9phonie \u00e7a sera en section\u00a0<strong>T\u00e9l\u00e9phonie<\/strong>\u00a0(logique non?).<\/p>\n<address>Pour b\u00e9n\u00e9ficier des meilleurs performances, il est pr\u00e9f\u00e9rable que ce soit la m\u00eame personne qui enregistre et qui utilise le rep\u00e8re vocal.<\/address>\n<p>&nbsp;<\/p>\n<div class=\"pubmain\">\n<script type=\"text\/javascript\"><!--\ngoogle_ad_client = \"ca-pub-6295180017562087\";\n\/* V3 *\/\ngoogle_ad_slot = \"8915205629\";\ngoogle_ad_width = 728;\ngoogle_ad_height = 90;\n\/\/-->\n<\/script><br \/>\n<script type=\"text\/javascript\"\nsrc=\"http:\/\/pagead2.googlesyndication.com\/pagead\/show_ads.js\">\n<\/script><\/div>\n<p>&nbsp;<\/p>\n<div class=\"tableau\">\n\n<table id=\"tablepress-38\" class=\"tablepress tablepress-id-38\">\n<tbody>\n<tr class=\"row-1\">\n\t<td class=\"column-1\"><img decoding=\"async\" src=\"\/v3\/images\/cnc\/vocal\/chc91.vocal0.jpg\" alt=\"\" \/><\/td><td class=\"column-2\">Avant la moindre commande vocale il faut pr\u00e9venir le syst\u00e8me en appuyant sur ce bouton.<\/td>\n<\/tr>\n<tr class=\"row-2\">\n\t<td class=\"column-1\"><img decoding=\"async\" src=\"\/v3\/images\/cnc\/vocal\/chc91.vocal1.jpg\" alt=\"\" \/><\/td><td class=\"column-2\">On arrive alors \u00e0 cet \u00e9cran.<br \/>On a maintenant 15s pour dire notre commande (ou \"ordre\").<\/td>\n<\/tr>\n<tr class=\"row-3\">\n\t<td class=\"column-1\"><img decoding=\"async\" src=\"\/v3\/images\/cnc\/vocal\/chc91.vocalaide10.jpg\" alt=\"\" \/><\/td><td class=\"column-2\">En cas de doute <strong>PAS DE PANIQUE<\/strong>, Carmen ne va pas vous manger, il suffit de dire <strong>Aide navigation.<\/strong><\/td>\n<\/tr>\n<tr class=\"row-4\">\n\t<td class=\"column-1\"><img decoding=\"async\" src=\"\/v3\/images\/cnc\/vocal\/chc91.vocalaide8.jpg\" alt=\"\" \/><\/td><td class=\"column-2\">A l'aide du joystick vous pouvez voir les commandes vocales disponibles.<\/td>\n<\/tr>\n<tr class=\"row-5\">\n\t<td class=\"column-1\"><img decoding=\"async\" src=\"\/v3\/images\/cnc\/vocal\/chc91.vocalaide8a.jpg\" alt=\"\" \/><\/td><td class=\"column-2\">&nbsp;<\/td>\n<\/tr>\n<tr class=\"row-6\">\n\t<td class=\"column-1\"><img decoding=\"async\" src=\"\/v3\/images\/cnc\/vocal\/chc91.vocalaide8b.jpg\" alt=\"\" \/><\/td><td class=\"column-2\">&nbsp;<\/td>\n<\/tr>\n<tr class=\"row-7\">\n\t<td class=\"column-1\"><img decoding=\"async\" src=\"\/v3\/images\/cnc\/vocal\/chc91.vocalaide8c.jpg\" alt=\"\" \/><\/td><td class=\"column-2\">&nbsp;<\/td>\n<\/tr>\n<tr class=\"row-8\">\n\t<td class=\"column-1\"><img decoding=\"async\" src=\"\/v3\/images\/cnc\/vocal\/chc91.vocal17.jpg\" alt=\"\" \/><\/td><td class=\"column-2\">Pour toutes les commandes suivantes (<strong>en jaune<\/strong>), apr\u00e8s l'appuie sur le bouton on peut \u00e9noncer directement la commande.<br \/><br \/>\r\n<h3>Affichages<\/h3><strong>carte<\/strong> permet d'afficher la carte en plain \u00e9cran.<\/td>\n<\/tr>\n<tr class=\"row-9\">\n\t<td class=\"column-1\"><img decoding=\"async\" src=\"\/v3\/images\/cnc\/vocal\/chc91.vocal19.jpg\" alt=\"\" \/><\/td><td class=\"column-2\"><strong>Carte 2D<\/strong>, <strong>plan<\/strong>  ou <strong>map<\/strong><\/td>\n<\/tr>\n<tr class=\"row-10\">\n\t<td class=\"column-1\"><img decoding=\"async\" src=\"\/v3\/images\/cnc\/vocal\/chc91.vocal18.jpg\" alt=\"\" \/><\/td><td class=\"column-2\"><strong>Carte 3D<\/strong>, <strong>Birdview<\/strong> (prononcer \u00e0 la fran\u00e7aise \"birdviou\" et non \"beurdviou\")<\/td>\n<\/tr>\n<tr class=\"row-11\">\n\t<td class=\"column-1\"><img decoding=\"async\" src=\"\/v3\/images\/cnc\/vocal\/chc91.vocal13.jpg\" alt=\"\" \/><\/td><td class=\"column-2\"><strong>afficher position v\u00e9hicule<\/strong><\/td>\n<\/tr>\n<tr class=\"row-12\">\n\t<td class=\"column-1\"><img decoding=\"async\" src=\"\/v3\/images\/cnc\/vocal\/chc91.vocal24.jpg\" alt=\"\" \/><\/td><td class=\"column-2\">Modification du zoom:<br \/><strong>zoom + num\u00e9ro (1\u00e010) <\/strong><br \/>1 \u00e9tant le plus proche et 10 le plus \u00e9loign\u00e9<\/td>\n<\/tr>\n<tr class=\"row-13\">\n\t<td class=\"column-1\"><img decoding=\"async\" src=\"\/v3\/images\/cnc\/vocal\/chc91.vocal25.jpg\" alt=\"\" \/><\/td><td class=\"column-2\">&nbsp;<\/td>\n<\/tr>\n<tr class=\"row-14\">\n\t<td class=\"column-1\"><img decoding=\"async\" src=\"\/v3\/images\/cnc\/vocal\/chc91.vocal21.jpg\" alt=\"\" \/><\/td><td class=\"column-2\"><h3>Lancer un guidage<\/h3><strong>Maison<\/strong> ou <strong>aller \u00e0 la maison<\/strong>.<br \/>Celui l\u00e0 est tr\u00e8s pratique mais auparavant il faut avoir renseign\u00e9 la rubrique domicile.<\/td>\n<\/tr>\n<tr class=\"row-15\">\n\t<td class=\"column-1\"><img decoding=\"async\" src=\"\/v3\/images\/cnc\/vocal\/chc91.vocal16.jpg\" alt=\"\" \/><\/td><td class=\"column-2\"><strong>Destination + < rep\u00e8re vocale ><\/strong> <br \/>Permet de lancer la navigation vers l'adresse correspondante au rep\u00e8re vocal du carnet d'adresse (il faut l'avoir enregistr\u00e9 \u00e0 l'avance).<\/td>\n<\/tr>\n<tr class=\"row-16\">\n\t<td class=\"column-1\"><img decoding=\"async\" src=\"\/v3\/images\/cnc\/vocal\/chc91.vocal11.jpg\" alt=\"\" \/><\/td><td class=\"column-2\">Si vous ne vour rappelez plus des rep\u00e8res vocaux du carnet d'adresses alors dites: <strong>Lire les favoris du carnet d'adresses<\/strong> et Carmen les \u00e9noncera pour vous.<\/td>\n<\/tr>\n<tr class=\"row-17\">\n\t<td class=\"column-1\"><img decoding=\"async\" src=\"\/v3\/images\/cnc\/vocal\/chc91.vocal12.jpg\" alt=\"\" \/><\/td><td class=\"column-2\">Pour ceux qui ont une excellente m\u00e9moire: <strong>Aller \u00e0 < num\u00e9ro du carnet d'adresse ><\/strong><\/td>\n<\/tr>\n<tr class=\"row-18\">\n\t<td class=\"column-1\"><img decoding=\"async\" src=\"\/v3\/images\/cnc\/vocal\/chc91.vocal14.jpg\" alt=\"\" \/><\/td><td class=\"column-2\">Pour les autres: <strong>carnet d'adresse<\/strong> puis lorsque Carmen vous demande de choisir un num\u00e9ro, faites le ou dites <strong>page suivante<\/strong> et ainsi de suite jusqu'\u00e0 trouver la bonne adresse, \u00e0 ce moment l\u00e0 dites le num\u00e9ro correspondant.<\/td>\n<\/tr>\n<tr class=\"row-19\">\n\t<td class=\"column-1\"><img decoding=\"async\" src=\"\/v3\/images\/cnc\/vocal\/chc91.vocal20.jpg\" alt=\"\" \/><\/td><td class=\"column-2\">On peut \u00e9galement dire <strong>Destination pr\u00e9c\u00e9dentes<\/strong> et appliquer le m\u00eame principe.<\/td>\n<\/tr>\n<tr class=\"row-20\">\n\t<td class=\"column-1\"><img decoding=\"async\" src=\"\/v3\/images\/cnc\/vocal\/chc91.vocal26.jpg\" alt=\"\" \/><\/td><td class=\"column-2\"><strong>Points d'int\u00e9r\u00eat favoris<\/strong> permet d'afficher une boite de choix o\u00f9 se trouvent les cat\u00e9gories de POI que vous avez m\u00e9moris\u00e9 en POI favoris.<br \/><br \/>\r\n<br \/><br \/>\r\nRemarque: on peut dire <strong>POI favoris<\/strong> puis <strong>Nom de la cat\u00e9gorie (station-service, restaurant...)<\/strong> sans qu'elle soit forc\u00e9ment affich\u00e9e dans la page <strong>POI favoris<\/strong>. S'affichera alors les 5 POIs les plus proches.<\/td>\n<\/tr>\n<tr class=\"row-21\">\n\t<td class=\"column-1\"><img decoding=\"async\" src=\"\/v3\/images\/cnc\/vocal\/chc91.vocal22.jpg\" alt=\"\" \/><\/td><td class=\"column-2\"><h3>Les commandes vocales durant le guidage.<\/h3><br \/>\r\n   <br \/><strong>D\u00e9sactiver commande vocale<\/strong><br \/>\r\n<\/td>\n<\/tr>\n<tr class=\"row-22\">\n\t<td class=\"column-1\"><img decoding=\"async\" src=\"\/v3\/images\/cnc\/vocal\/chc91.vocal23.jpg\" alt=\"\" \/><\/td><td class=\"column-2\"><strong>Activer guidage vocale<\/strong><\/td>\n<\/tr>\n<tr class=\"row-23\">\n\t<td class=\"column-1\"><img decoding=\"async\" src=\"\/v3\/images\/cnc\/vocal\/chc91.vocal27.jpg\" alt=\"\" \/><\/td><td class=\"column-2\"><strong>R\u00e9p\u00e9ter guidage vocal.<\/strong><\/td>\n<\/tr>\n<tr class=\"row-24\">\n\t<td class=\"column-1\"><img decoding=\"async\" src=\"\/v3\/images\/cnc\/vocal\/chc91.vocal15.jpg\" alt=\"\" \/><\/td><td class=\"column-2\"><strong>Recalculer itin\u00e9raire<\/strong><\/td>\n<\/tr>\n<tr class=\"row-25\">\n\t<td class=\"column-1\"><img decoding=\"async\" src=\"\/v3\/images\/cnc\/vocal\/chc91.vocal28.jpg\" alt=\"\" \/><\/td><td class=\"column-2\"><strong>D\u00e9viation + < 1, 2, 5 ou 10 > km<\/strong><\/td>\n<\/tr>\n<tr class=\"row-26\">\n\t<td class=\"column-1\"><img decoding=\"async\" src=\"\/v3\/images\/cnc\/vocal\/chc91.vocal29.jpg\" alt=\"\" \/><\/td><td class=\"column-2\">&nbsp;<\/td>\n<\/tr>\n<\/tbody>\n<\/table>\n\n<\/div>\n<p>&nbsp;<\/p>\n<div class=\"pubmain\">\n<script type=\"text\/javascript\"><!--\ngoogle_ad_client = \"ca-pub-6295180017562087\";\n\/* V3 *\/\ngoogle_ad_slot = \"8915205629\";\ngoogle_ad_width = 728;\ngoogle_ad_height = 90;\n\/\/-->\n<\/script><br \/>\n<script type=\"text\/javascript\"\nsrc=\"http:\/\/pagead2.googlesyndication.com\/pagead\/show_ads.js\">\n<\/script><\/div>\n<p>&nbsp;<\/p>\n<h2>Vid\u00e9o<\/h2>\n<p>Pr\u00e9sentation de la mani\u00e8re dont on enregistre un rep\u00e8re vocal et qu&rsquo;on lance un guidage en vocal.<\/p>\n<p><iframe loading=\"lazy\" src=\"http:\/\/www.dailymotion.com\/embed\/video\/xtcniv?syndication=244253\" frameborder=\"0\" width=\"560\" height=\"418\"><\/iframe><br \/>\n<a href=\"http:\/\/www.dailymotion.com\/video\/xtcniv_commande-vocale-carminat-navigation-communication_auto\" target=\"_blank\">Commande vocale Carminat Navigation Communication<\/a> <em>par <a href=\"http:\/\/www.dailymotion.com\/GPS-Carminat\" target=\"_blank\">GPS-Carminat<\/a><\/em><\/p>\n<!-- AddThis Advanced Settings generic via filter on the_content --><!-- AddThis Share Buttons generic via filter on the_content -->","protected":false},"excerpt":{"rendered":"<p>Nous allons dans cette partie vous faire d\u00e9couvrir tout ce qui entoure la commande vocale qui permet de faire des miracles. Ici \u00e7a ne sera que ce qui concerne la navigation, pour la t\u00e9l\u00e9phonie \u00e7a sera en section\u00a0T\u00e9l\u00e9phonie\u00a0(logique non?). Pour &hellip; <a href=\"https:\/\/www.gps-carminat.com\/v3\/carminat-navigation-communication\/navigation\/commande-vocale\/\">Continuer la lecture <span class=\"meta-nav\">&rarr;<\/span><\/a><!-- AddThis Advanced Settings generic via filter on get_the_excerpt --><!-- AddThis Share Buttons generic via filter on get_the_excerpt --><\/p>\n","protected":false},"author":1,"featured_media":0,"parent":469,"menu_order":4,"comment_status":"open","ping_status":"open","template":"","meta":{"advanced_seo_description":"","jetpack_seo_html_title":"","jetpack_seo_noindex":false,"footnotes":""},"class_list":["post-481","page","type-page","status-publish","hentry"],"jetpack_sharing_enabled":true,"_links":{"self":[{"href":"https:\/\/www.gps-carminat.com\/v3\/wp-json\/wp\/v2\/pages\/481","targetHints":{"allow":["GET"]}}],"collection":[{"href":"https:\/\/www.gps-carminat.com\/v3\/wp-json\/wp\/v2\/pages"}],"about":[{"href":"https:\/\/www.gps-carminat.com\/v3\/wp-json\/wp\/v2\/types\/page"}],"author":[{"embeddable":true,"href":"https:\/\/www.gps-carminat.com\/v3\/wp-json\/wp\/v2\/users\/1"}],"replies":[{"embeddable":true,"href":"https:\/\/www.gps-carminat.com\/v3\/wp-json\/wp\/v2\/comments?post=481"}],"version-history":[{"count":0,"href":"https:\/\/www.gps-carminat.com\/v3\/wp-json\/wp\/v2\/pages\/481\/revisions"}],"up":[{"embeddable":true,"href":"https:\/\/www.gps-carminat.com\/v3\/wp-json\/wp\/v2\/pages\/469"}],"wp:attachment":[{"href":"https:\/\/www.gps-carminat.com\/v3\/wp-json\/wp\/v2\/media?parent=481"}],"curies":[{"name":"wp","href":"https:\/\/api.w.org\/{rel}","templated":true}]}}