{"id":514,"date":"2012-09-06T14:13:23","date_gmt":"2012-09-06T13:13:23","guid":{"rendered":"https:\/\/www.gps-carminat.com\/v3\/?page_id=514"},"modified":"2017-06-27T13:06:14","modified_gmt":"2017-06-27T11:06:14","slug":"en-conversation","status":"publish","type":"page","link":"https:\/\/www.gps-carminat.com\/v3\/carminat-navigation-communication\/telephonie\/en-conversation\/","title":{"rendered":"En conversation"},"content":{"rendered":"<p>Une fois que vous \u00eates en conversation plusieurs options s&rsquo;offre \u00e0 vous en voici un aper\u00e7us.<\/p>\n<p>&nbsp;<\/p>\n<div class=\"pubmain\">\n<script type=\"text\/javascript\"><!--\ngoogle_ad_client = \"ca-pub-6295180017562087\";\n\/* V3 *\/\ngoogle_ad_slot = \"8915205629\";\ngoogle_ad_width = 728;\ngoogle_ad_height = 90;\n\/\/-->\n<\/script><br \/>\n<script type=\"text\/javascript\"\nsrc=\"http:\/\/pagead2.googlesyndication.com\/pagead\/show_ads.js\">\n<\/script><\/div>\n<p>&nbsp;<\/p>\n<div class=\"tableau\">\n\n<table id=\"tablepress-43\" class=\"tablepress tablepress-id-43\">\n<tbody>\n<tr class=\"row-1\">\n\t<td class=\"column-1\"><img decoding=\"async\" src=\"\/v3\/images\/cnc\/conversation\/chc91.tel_use8.jpg\" alt=\"\" \/><\/td><td class=\"column-2\">Lors d'un appel vous avez cet \u00e9cran (Tiens encore M\u00f4man) et vous avez donc 5 choix.<br \/><br \/><br \/>\r\n<strong>Raccrocher<\/strong>: Explication n\u00e9cessaire?<br \/>\r\npeut se faire avec la touche sup\u00e9rieure droite du commodo de la radio.<\/td>\n<\/tr>\n<tr class=\"row-2\">\n\t<td class=\"column-1\"><img decoding=\"async\" src=\"\/v3\/images\/cnc\/conversation\/chc91.cde_volant-1.jpg\" alt=\"\" \/><\/td><td class=\"column-2\"><strong>Mettre en attente<\/strong> le correspondant (le temps de se garer par exemple). Pour \u00e7a on s\u00e9lectionne l'option avec le Joystick. Ou alors, seconde option, on utilise la commande radio derri\u00e8re le volant<br \/>\r\nEn pressant le bouton du dessous \u00ab&nbsp;MODE&nbsp;\u00bb L\u2019\u00e9cran du dessous appara\u00eet.<br \/><br \/>\r\nUne nouvelle pression du bouton \u00ab&nbsp;MODE&nbsp;\u00bb la conversation reprend (le bouton de doite du dessus aussi).<br \/>\r\n<br \/>\r\n<\/td>\n<\/tr>\n<tr class=\"row-3\">\n\t<td class=\"column-1\"><img decoding=\"async\" src=\"\/v3\/images\/cnc\/conversation\/chc91.tel_use13.jpg\" alt=\"\" \/><\/td><td class=\"column-2\">Pendant la mise en attente le correspondant entend:<br \/><br \/>\r\n\u00ab Votre correspondant est en situation de conduite, veuillez patienter\u2026 \u00bb  <\/td>\n<\/tr>\n<\/tbody>\n<\/table>\n<!-- #tablepress-43 from cache -->\n<\/div class=\"tableau\">\n<p>&nbsp;<\/p>\n<div class=\"pubmain\">\n<script type=\"text\/javascript\"><!--\ngoogle_ad_client = \"ca-pub-6295180017562087\";\n\/* V3 *\/\ngoogle_ad_slot = \"8915205629\";\ngoogle_ad_width = 728;\ngoogle_ad_height = 90;\n\/\/-->\n<\/script><br \/>\n<script type=\"text\/javascript\"\nsrc=\"http:\/\/pagead2.googlesyndication.com\/pagead\/show_ads.js\">\n<\/script><\/div>\n<p>&nbsp;<\/p>\n<p>Transf\u00e9rer l\u2019appel au\u00a0<strong>Combin\u00e9<\/strong>\u00a0(coupe le haut parleur de la voiture et permet \u00e0 un passager de terminer la conversation).<br \/>\nLa reprise au haut parleur peut se faire de la m\u00eame mani\u00e8re<\/p>\n<p><strong>Mode Secret ON\u00a0<\/strong>: permet de parler sans \u00eatre entendu par le correspondant t\u00e9l\u00e9phonique.<br \/>\nLa reprise normale de la conversation se fait de la m\u00eame fa\u00e7on.<\/p>\n<!-- AddThis Advanced Settings generic via filter on the_content --><!-- AddThis Share Buttons generic via filter on the_content -->","protected":false},"excerpt":{"rendered":"<p>Une fois que vous \u00eates en conversation plusieurs options s&rsquo;offre \u00e0 vous en voici un aper\u00e7us. &nbsp; &nbsp; &nbsp; &nbsp; Transf\u00e9rer l\u2019appel au\u00a0Combin\u00e9\u00a0(coupe le haut parleur de la voiture et permet \u00e0 un passager de terminer la conversation). La reprise &hellip; <a href=\"https:\/\/www.gps-carminat.com\/v3\/carminat-navigation-communication\/telephonie\/en-conversation\/\">Continuer la lecture <span class=\"meta-nav\">&rarr;<\/span><\/a><!-- AddThis Advanced Settings generic via filter on get_the_excerpt --><!-- AddThis Share Buttons generic via filter on get_the_excerpt --><\/p>\n","protected":false},"author":1,"featured_media":0,"parent":501,"menu_order":4,"comment_status":"open","ping_status":"open","template":"","meta":{"advanced_seo_description":"","jetpack_seo_html_title":"","jetpack_seo_noindex":false,"footnotes":""},"class_list":["post-514","page","type-page","status-publish","hentry"],"jetpack_sharing_enabled":true,"_links":{"self":[{"href":"https:\/\/www.gps-carminat.com\/v3\/wp-json\/wp\/v2\/pages\/514","targetHints":{"allow":["GET"]}}],"collection":[{"href":"https:\/\/www.gps-carminat.com\/v3\/wp-json\/wp\/v2\/pages"}],"about":[{"href":"https:\/\/www.gps-carminat.com\/v3\/wp-json\/wp\/v2\/types\/page"}],"author":[{"embeddable":true,"href":"https:\/\/www.gps-carminat.com\/v3\/wp-json\/wp\/v2\/users\/1"}],"replies":[{"embeddable":true,"href":"https:\/\/www.gps-carminat.com\/v3\/wp-json\/wp\/v2\/comments?post=514"}],"version-history":[{"count":0,"href":"https:\/\/www.gps-carminat.com\/v3\/wp-json\/wp\/v2\/pages\/514\/revisions"}],"up":[{"embeddable":true,"href":"https:\/\/www.gps-carminat.com\/v3\/wp-json\/wp\/v2\/pages\/501"}],"wp:attachment":[{"href":"https:\/\/www.gps-carminat.com\/v3\/wp-json\/wp\/v2\/media?parent=514"}],"curies":[{"name":"wp","href":"https:\/\/api.w.org\/{rel}","templated":true}]}}