{"id":558,"date":"2012-09-07T14:08:09","date_gmt":"2012-09-07T13:08:09","guid":{"rendered":"https:\/\/www.gps-carminat.com\/v3\/?page_id=558"},"modified":"2017-09-29T12:07:55","modified_gmt":"2017-09-29T10:07:55","slug":"r-link","status":"publish","type":"page","link":"https:\/\/www.gps-carminat.com\/v3\/r-link\/","title":{"rendered":"R-Link"},"content":{"rendered":"<p>R-Link est pour Renault une nouvelle \u00e9tape qu&rsquo;on attendait depuis un moment: l&rsquo;arriv\u00e9e du v\u00e9hicule connect\u00e9. R-Link est un syst\u00e8me multim\u00e9dia qui est bas\u00e9 sur Android, chose nouvelle pour Renault.<\/p>\n<p>Pour mette \u00e0 jour le R-Link 1, consultez les pages suivantes:<\/p>\n<ul>\n<li><a href=\"https:\/\/www.gps-carminat.com\/v3\/r-link\/mise-a-jour-carte\/\">Mettre \u00e0 jour la cartographie<\/a><\/li>\n<li><a href=\"https:\/\/www.gps-carminat.com\/v3\/r-link\/mettre-a-jour-logiciel-rlink1\/\">Mettre \u00e0 jour le logiciel<\/a><\/li>\n<\/ul>\n<p>Renault a pr\u00e9sent\u00e9 ce matin sa future solution multim\u00e9dia qu&rsquo;on retrouvera dans les futurs v\u00e9hicules de la marques.<\/p>\n<p>De quoi s&rsquo;agit-il?<\/p>\n<p>&nbsp;<\/p>\n<div class=\"pubmain\"><script type=\"text\/javascript\"><!-- google_ad_client = \"ca-pub-6295180017562087\"; \/* V3 *\/ google_ad_slot = \"8915205629\"; google_ad_width = 728; google_ad_height = 90; \/\/-->\n<\/script><br \/>\n<script type=\"text\/javascript\" src=\"http:\/\/pagead2.googlesyndication.com\/pagead\/show_ads.js\">\n<\/script><\/div>\n<p>&nbsp;<\/p>\n<p><a href=\"https:\/\/www.gps-carminat.com\/v3\/wp-content\/uploads\/2012\/09\/larevueautomobile_com_vignettejpg.jpg\"><img loading=\"lazy\" decoding=\"async\" class=\"alignright\" title=\"larevueautomobile_com_vignettejpg\" src=\"https:\/\/www.gps-carminat.com\/v3\/wp-content\/uploads\/2012\/09\/larevueautomobile_com_vignettejpg-300x199.jpg\" alt=\"\" width=\"300\" height=\"199\" \/><\/a>Un \u00e9cran 7 pouces tactile \u00e9quip\u00e9 d&rsquo;un processeur Texas Instrument ARM A8 de 800 Mhz. On ajoute \u00e0 cela une\u00a0connexion EDGEpour \u00eatre en permanence connect\u00e9 \u00e0 Internet,\u00a0Android\u00a0pour le syst\u00e8me d&rsquo;exploitation et on obtient l&rsquo;R-Link. Attention si Android est la base de l&rsquo;OS celui n&rsquo;a rien \u00e0 voir avec celui qu&rsquo;on trouve sur les smartphones: Renault a \u00e9videmment retravaill\u00e9 profond\u00e9ment l&rsquo;OS pour une utilisation dans une voiture, cela est possible puisqu&rsquo;Android est Open Source. Il n&rsquo;est pr\u00e9ciser nulle part de la version d&rsquo;Android qui est utilis\u00e9e, je parierai sur la 2.3 Gingerbread mais \u00e7a n&rsquo;engage que moi&#8230; Si un \u00e9cran r\u00e9sistif peut sembler \u00ab\u00a0Has Been\u00a0\u00bb il ne faut pas oublier qu&rsquo;on a pas les m\u00eames contraintes qu&rsquo;une tablette ou un smartphone ici la plage de temp\u00e9rature que devra supporter l&rsquo;\u00e9cran est de -30 \u00e0 +115\u00b0C, sans oublier les vibrations etc. Donc pas de capacitif pour le moment!<\/p>\n<p>Passons, qu&rsquo;est ce que Renault nous promet avec ce petit hardware?<\/p>\n<p>Tout d&rsquo;abord TomTom est de nouveau de la partie pour la partie navigation. Une petite surprise car TomTom n&rsquo;est toujours pas disponible sur l&rsquo;Android \u00ab\u00a0normal\u00a0\u00bb, peut \u00eatre une sortie prochainement? Grace \u00e0 la connexion EDGE on retrouve les diff\u00e9rents services LIVE que l&rsquo;on trouve actuellement sur la version Live du Carminat TomTom: Traffic HD, Radars (pardon! zones dangereuses&#8230;)&#8230;<\/p>\n<p>Qu&rsquo;est ce qu&rsquo;il y a de nouveau \u00e0 part cela?<\/p>\n<p>Beaucoup de nouveaux services li\u00e9es \u00e0 la conduite semblent \u00eatre rajout\u00e9: par exemple pour les v\u00e9hicules \u00e9lectriques il sera possible de programmer l&rsquo;heure de d\u00e9but de la charge pour profiter d&rsquo;une meilleur tarification EDF ou alors un suivi d\u00e9taill\u00e9 de sa consommation. La partie multim\u00e9dia profite de la grande interface, on reste sur une connectique Bluetooth\/USB que l&rsquo;on a d\u00e9j\u00e0, par contre j&rsquo;ai l&rsquo;impression que le lecteur CD dispara\u00eet!<\/p>\n<p>&nbsp;<\/p>\n<div class=\"pubmain\"><script type=\"text\/javascript\"><!-- google_ad_client = \"ca-pub-6295180017562087\"; \/* V3 *\/ google_ad_slot = \"8915205629\"; google_ad_width = 728; google_ad_height = 90; \/\/-->\n<\/script><br \/>\n<script type=\"text\/javascript\" src=\"http:\/\/pagead2.googlesyndication.com\/pagead\/show_ads.js\">\n<\/script><\/div>\n<p>&nbsp;<\/p>\n<p>Qui dit Android, dit? &#8230;. Applications!<br \/>\nRenault veut ouvrir son multim\u00e9dia aux d\u00e9veloppeurs et ainsi cr\u00e9er un ecosyst\u00e8me autour de son syst\u00e8me. C&rsquo;est effectivement une tr\u00e8s bonne nouvelle qui va permettre une certaine personnalisation et d&rsquo;ajouter de nouvelles fonctionnalit\u00e9s \u00e0 son syst\u00e8me, on retrouve par exemple Coyote ou alors une application de l&rsquo;ECF (Ecole de conduite Fran\u00e7aise) qui permet de tenir le journal de bord lors de conduite accompagn\u00e9e. Les t\u00e9l\u00e9chargements et achat d&rsquo;applications se font par un store g\u00e9r\u00e9 par Renault: le\u00a0R-Store. D&rsquo;ailleurs les d\u00e9veloppeurs peuvent d\u00e9j\u00e0 se rapprocher de Renault pour voir comment adapter leurs applications pour R-Link.<\/p>\n<p>J&rsquo;ai quand m\u00eame quelques doutes sur l\u2019int\u00e9r\u00eat des applications comme les mails, twitter, photo et vid\u00e9o sur un syst\u00e8me de conduite! M\u00eame si les vid\u00e9os seront d\u00e9sactiv\u00e9es lorsque le v\u00e9hicule roulera je ne comprends pas! (et je ne suis pas vieux jeux avec la technologie, au contraire&#8230;)<\/p>\n<p>Tout cela n&rsquo;est pas tr\u00e8s \u00e9loign\u00e9 de\u00a0<a title=\"Petite r\u00e9flexion personnelle\" href=\"https:\/\/www.gps-carminat.com\/v3\/2011\/05\/16\/petite-reflexion-personnelle\/\">l&rsquo;article<\/a>\u00a0que j&rsquo;avais \u00e9crit sur ma vision pour le futur de la navigation. J&rsquo;esp\u00e8re que Renault ne s&rsquo;est pas arr\u00eater en si bon chemin et qu&rsquo;il sera possible de g\u00e9rer son v\u00e9hicule depuis son PC chez-soi!<\/p>\n<p>Sur quels v\u00e9hicules ce syst\u00e8me sera t il disponible? Bonne nouvelle ce sera pour\u00a0la Zo\u00e9 et la Clio IV qui arrive fin 2012.Le prix? Inconnu pour le moment, mais Renault dit vouloir rester sur un syst\u00e8me attractif comme l&rsquo;a \u00e9t\u00e9 le Carminat TomTom. Mais est ce qu&rsquo;un syst\u00e8me haut de gamme est pr\u00e9vu ou alors on tire d\u00e9finitivement un trait dessus? myst\u00e8re&#8230;<\/p>\n<p><a href=\"https:\/\/www.gps-carminat.com\/v3\/wp-content\/uploads\/2012\/09\/rlink1.jpg\"><img loading=\"lazy\" decoding=\"async\" data-attachment-id=\"572\" data-permalink=\"https:\/\/www.gps-carminat.com\/v3\/r-link\/rlink1\/\" data-orig-file=\"https:\/\/www.gps-carminat.com\/v3\/wp-content\/uploads\/2012\/09\/rlink1.jpg\" data-orig-size=\"640,384\" data-comments-opened=\"1\" data-image-meta=\"{&quot;aperture&quot;:&quot;0&quot;,&quot;credit&quot;:&quot;&quot;,&quot;camera&quot;:&quot;&quot;,&quot;caption&quot;:&quot;&quot;,&quot;created_timestamp&quot;:&quot;0&quot;,&quot;copyright&quot;:&quot;&quot;,&quot;focal_length&quot;:&quot;0&quot;,&quot;iso&quot;:&quot;0&quot;,&quot;shutter_speed&quot;:&quot;0&quot;,&quot;title&quot;:&quot;&quot;}\" data-image-title=\"rlink1\" data-image-description=\"\" data-image-caption=\"\" data-large-file=\"https:\/\/www.gps-carminat.com\/v3\/wp-content\/uploads\/2012\/09\/rlink1.jpg\" class=\"size-thumbnail wp-image-572 alignnone\" title=\"rlink1\" src=\"https:\/\/www.gps-carminat.com\/v3\/wp-content\/uploads\/2012\/09\/rlink1-150x150.jpg\" alt=\"\" width=\"150\" height=\"150\" \/><\/a><a href=\"https:\/\/www.gps-carminat.com\/v3\/wp-content\/uploads\/2012\/09\/rlink2.jpg\"><img loading=\"lazy\" decoding=\"async\" data-attachment-id=\"571\" data-permalink=\"https:\/\/www.gps-carminat.com\/v3\/r-link\/rlink2\/\" data-orig-file=\"https:\/\/www.gps-carminat.com\/v3\/wp-content\/uploads\/2012\/09\/rlink2.jpg\" data-orig-size=\"640,384\" data-comments-opened=\"1\" data-image-meta=\"{&quot;aperture&quot;:&quot;0&quot;,&quot;credit&quot;:&quot;&quot;,&quot;camera&quot;:&quot;&quot;,&quot;caption&quot;:&quot;&quot;,&quot;created_timestamp&quot;:&quot;0&quot;,&quot;copyright&quot;:&quot;&quot;,&quot;focal_length&quot;:&quot;0&quot;,&quot;iso&quot;:&quot;0&quot;,&quot;shutter_speed&quot;:&quot;0&quot;,&quot;title&quot;:&quot;&quot;}\" data-image-title=\"rlink2\" data-image-description=\"\" data-image-caption=\"\" data-large-file=\"https:\/\/www.gps-carminat.com\/v3\/wp-content\/uploads\/2012\/09\/rlink2.jpg\" class=\"size-thumbnail wp-image-571 alignnone\" title=\"rlink2\" src=\"https:\/\/www.gps-carminat.com\/v3\/wp-content\/uploads\/2012\/09\/rlink2-150x150.jpg\" alt=\"\" width=\"150\" height=\"150\" \/><\/a><a href=\"https:\/\/www.gps-carminat.com\/v3\/wp-content\/uploads\/2012\/09\/rlink11.jpg\"><img loading=\"lazy\" decoding=\"async\" data-attachment-id=\"573\" data-permalink=\"https:\/\/www.gps-carminat.com\/v3\/r-link\/rlink11\/\" data-orig-file=\"https:\/\/www.gps-carminat.com\/v3\/wp-content\/uploads\/2012\/09\/rlink11.jpg\" data-orig-size=\"640,384\" data-comments-opened=\"1\" data-image-meta=\"{&quot;aperture&quot;:&quot;0&quot;,&quot;credit&quot;:&quot;&quot;,&quot;camera&quot;:&quot;&quot;,&quot;caption&quot;:&quot;&quot;,&quot;created_timestamp&quot;:&quot;0&quot;,&quot;copyright&quot;:&quot;&quot;,&quot;focal_length&quot;:&quot;0&quot;,&quot;iso&quot;:&quot;0&quot;,&quot;shutter_speed&quot;:&quot;0&quot;,&quot;title&quot;:&quot;&quot;}\" data-image-title=\"rlink11\" data-image-description=\"\" data-image-caption=\"\" data-large-file=\"https:\/\/www.gps-carminat.com\/v3\/wp-content\/uploads\/2012\/09\/rlink11.jpg\" class=\"size-thumbnail wp-image-573 alignnone\" title=\"rlink11\" src=\"https:\/\/www.gps-carminat.com\/v3\/wp-content\/uploads\/2012\/09\/rlink11-150x150.jpg\" alt=\"\" width=\"150\" height=\"150\" \/><\/a><a href=\"https:\/\/www.gps-carminat.com\/v3\/wp-content\/uploads\/2012\/09\/rlink3.jpg\"><img loading=\"lazy\" decoding=\"async\" class=\"alignnone\" title=\"rlink3\" src=\"https:\/\/www.gps-carminat.com\/v3\/wp-content\/uploads\/2012\/09\/rlink3-150x150.jpg\" alt=\"\" width=\"150\" height=\"150\" \/><\/a><a href=\"https:\/\/www.gps-carminat.com\/v3\/wp-content\/uploads\/2012\/09\/rlink4.jpg\"><img loading=\"lazy\" decoding=\"async\" class=\"alignnone\" title=\"rlink4\" src=\"https:\/\/www.gps-carminat.com\/v3\/wp-content\/uploads\/2012\/09\/rlink4-150x150.jpg\" alt=\"\" width=\"150\" height=\"150\" \/><\/a><a href=\"https:\/\/www.gps-carminat.com\/v3\/wp-content\/uploads\/2012\/09\/rlink5.jpg\"><img loading=\"lazy\" decoding=\"async\" data-attachment-id=\"568\" data-permalink=\"https:\/\/www.gps-carminat.com\/v3\/r-link\/rlink5\/\" data-orig-file=\"https:\/\/www.gps-carminat.com\/v3\/wp-content\/uploads\/2012\/09\/rlink5.jpg\" data-orig-size=\"640,384\" data-comments-opened=\"1\" data-image-meta=\"{&quot;aperture&quot;:&quot;0&quot;,&quot;credit&quot;:&quot;&quot;,&quot;camera&quot;:&quot;&quot;,&quot;caption&quot;:&quot;&quot;,&quot;created_timestamp&quot;:&quot;0&quot;,&quot;copyright&quot;:&quot;&quot;,&quot;focal_length&quot;:&quot;0&quot;,&quot;iso&quot;:&quot;0&quot;,&quot;shutter_speed&quot;:&quot;0&quot;,&quot;title&quot;:&quot;&quot;}\" data-image-title=\"rlink5\" data-image-description=\"\" data-image-caption=\"\" data-large-file=\"https:\/\/www.gps-carminat.com\/v3\/wp-content\/uploads\/2012\/09\/rlink5.jpg\" class=\"alignnone size-thumbnail wp-image-568\" title=\"rlink5\" src=\"https:\/\/www.gps-carminat.com\/v3\/wp-content\/uploads\/2012\/09\/rlink5-150x150.jpg\" alt=\"\" width=\"150\" height=\"150\" \/><\/a><a href=\"https:\/\/www.gps-carminat.com\/v3\/wp-content\/uploads\/2012\/09\/rlink6.jpg\"><img loading=\"lazy\" decoding=\"async\" data-attachment-id=\"567\" data-permalink=\"https:\/\/www.gps-carminat.com\/v3\/r-link\/rlink6\/\" data-orig-file=\"https:\/\/www.gps-carminat.com\/v3\/wp-content\/uploads\/2012\/09\/rlink6.jpg\" data-orig-size=\"640,384\" data-comments-opened=\"1\" data-image-meta=\"{&quot;aperture&quot;:&quot;0&quot;,&quot;credit&quot;:&quot;&quot;,&quot;camera&quot;:&quot;&quot;,&quot;caption&quot;:&quot;&quot;,&quot;created_timestamp&quot;:&quot;0&quot;,&quot;copyright&quot;:&quot;&quot;,&quot;focal_length&quot;:&quot;0&quot;,&quot;iso&quot;:&quot;0&quot;,&quot;shutter_speed&quot;:&quot;0&quot;,&quot;title&quot;:&quot;&quot;}\" data-image-title=\"rlink6\" data-image-description=\"\" data-image-caption=\"\" data-large-file=\"https:\/\/www.gps-carminat.com\/v3\/wp-content\/uploads\/2012\/09\/rlink6.jpg\" class=\"alignnone size-thumbnail wp-image-567\" title=\"rlink6\" src=\"https:\/\/www.gps-carminat.com\/v3\/wp-content\/uploads\/2012\/09\/rlink6-150x150.jpg\" alt=\"\" width=\"150\" height=\"150\" \/><\/a><a href=\"https:\/\/www.gps-carminat.com\/v3\/wp-content\/uploads\/2012\/09\/rlink7.jpg\"><img loading=\"lazy\" decoding=\"async\" data-attachment-id=\"566\" data-permalink=\"https:\/\/www.gps-carminat.com\/v3\/r-link\/rlink7\/\" data-orig-file=\"https:\/\/www.gps-carminat.com\/v3\/wp-content\/uploads\/2012\/09\/rlink7.jpg\" data-orig-size=\"640,384\" data-comments-opened=\"1\" data-image-meta=\"{&quot;aperture&quot;:&quot;0&quot;,&quot;credit&quot;:&quot;&quot;,&quot;camera&quot;:&quot;&quot;,&quot;caption&quot;:&quot;&quot;,&quot;created_timestamp&quot;:&quot;0&quot;,&quot;copyright&quot;:&quot;&quot;,&quot;focal_length&quot;:&quot;0&quot;,&quot;iso&quot;:&quot;0&quot;,&quot;shutter_speed&quot;:&quot;0&quot;,&quot;title&quot;:&quot;&quot;}\" data-image-title=\"rlink7\" data-image-description=\"\" data-image-caption=\"\" data-large-file=\"https:\/\/www.gps-carminat.com\/v3\/wp-content\/uploads\/2012\/09\/rlink7.jpg\" class=\"alignnone size-thumbnail wp-image-566\" title=\"rlink7\" src=\"https:\/\/www.gps-carminat.com\/v3\/wp-content\/uploads\/2012\/09\/rlink7-150x150.jpg\" alt=\"\" width=\"150\" height=\"150\" \/><\/a><a href=\"https:\/\/www.gps-carminat.com\/v3\/wp-content\/uploads\/2012\/09\/rlink8.jpg\"><img loading=\"lazy\" decoding=\"async\" data-attachment-id=\"565\" data-permalink=\"https:\/\/www.gps-carminat.com\/v3\/r-link\/rlink8\/\" data-orig-file=\"https:\/\/www.gps-carminat.com\/v3\/wp-content\/uploads\/2012\/09\/rlink8.jpg\" data-orig-size=\"640,384\" data-comments-opened=\"1\" data-image-meta=\"{&quot;aperture&quot;:&quot;0&quot;,&quot;credit&quot;:&quot;&quot;,&quot;camera&quot;:&quot;&quot;,&quot;caption&quot;:&quot;&quot;,&quot;created_timestamp&quot;:&quot;0&quot;,&quot;copyright&quot;:&quot;&quot;,&quot;focal_length&quot;:&quot;0&quot;,&quot;iso&quot;:&quot;0&quot;,&quot;shutter_speed&quot;:&quot;0&quot;,&quot;title&quot;:&quot;&quot;}\" data-image-title=\"rlink8\" data-image-description=\"\" data-image-caption=\"\" data-large-file=\"https:\/\/www.gps-carminat.com\/v3\/wp-content\/uploads\/2012\/09\/rlink8.jpg\" class=\"alignnone size-thumbnail wp-image-565\" title=\"rlink8\" src=\"https:\/\/www.gps-carminat.com\/v3\/wp-content\/uploads\/2012\/09\/rlink8-150x150.jpg\" alt=\"\" width=\"150\" height=\"150\" \/><\/a><a href=\"https:\/\/www.gps-carminat.com\/v3\/wp-content\/uploads\/2012\/09\/rlink9.jpg\"><img loading=\"lazy\" decoding=\"async\" data-attachment-id=\"564\" data-permalink=\"https:\/\/www.gps-carminat.com\/v3\/r-link\/rlink9\/\" data-orig-file=\"https:\/\/www.gps-carminat.com\/v3\/wp-content\/uploads\/2012\/09\/rlink9.jpg\" data-orig-size=\"640,384\" data-comments-opened=\"1\" data-image-meta=\"{&quot;aperture&quot;:&quot;0&quot;,&quot;credit&quot;:&quot;&quot;,&quot;camera&quot;:&quot;&quot;,&quot;caption&quot;:&quot;&quot;,&quot;created_timestamp&quot;:&quot;0&quot;,&quot;copyright&quot;:&quot;&quot;,&quot;focal_length&quot;:&quot;0&quot;,&quot;iso&quot;:&quot;0&quot;,&quot;shutter_speed&quot;:&quot;0&quot;,&quot;title&quot;:&quot;&quot;}\" data-image-title=\"rlink9\" data-image-description=\"\" data-image-caption=\"\" data-large-file=\"https:\/\/www.gps-carminat.com\/v3\/wp-content\/uploads\/2012\/09\/rlink9.jpg\" class=\"alignnone size-thumbnail wp-image-564\" title=\"rlink9\" src=\"https:\/\/www.gps-carminat.com\/v3\/wp-content\/uploads\/2012\/09\/rlink9-150x150.jpg\" alt=\"\" width=\"150\" height=\"150\" \/><\/a><a href=\"https:\/\/www.gps-carminat.com\/v3\/wp-content\/uploads\/2012\/09\/rlink10.jpg\"><img loading=\"lazy\" decoding=\"async\" data-attachment-id=\"563\" data-permalink=\"https:\/\/www.gps-carminat.com\/v3\/r-link\/rlink10\/\" data-orig-file=\"https:\/\/www.gps-carminat.com\/v3\/wp-content\/uploads\/2012\/09\/rlink10.jpg\" data-orig-size=\"640,384\" data-comments-opened=\"1\" data-image-meta=\"{&quot;aperture&quot;:&quot;0&quot;,&quot;credit&quot;:&quot;&quot;,&quot;camera&quot;:&quot;&quot;,&quot;caption&quot;:&quot;&quot;,&quot;created_timestamp&quot;:&quot;0&quot;,&quot;copyright&quot;:&quot;&quot;,&quot;focal_length&quot;:&quot;0&quot;,&quot;iso&quot;:&quot;0&quot;,&quot;shutter_speed&quot;:&quot;0&quot;,&quot;title&quot;:&quot;&quot;}\" data-image-title=\"rlink10\" data-image-description=\"\" data-image-caption=\"\" data-large-file=\"https:\/\/www.gps-carminat.com\/v3\/wp-content\/uploads\/2012\/09\/rlink10.jpg\" class=\"alignnone size-thumbnail wp-image-563\" title=\"rlink10\" src=\"https:\/\/www.gps-carminat.com\/v3\/wp-content\/uploads\/2012\/09\/rlink10-150x150.jpg\" alt=\"\" width=\"150\" height=\"150\" \/><\/a><\/p>\n<!-- AddThis Advanced Settings generic via filter on the_content --><!-- AddThis Share Buttons generic via filter on the_content -->","protected":false},"excerpt":{"rendered":"<p>R-Link est pour Renault une nouvelle \u00e9tape qu&rsquo;on attendait depuis un moment: l&rsquo;arriv\u00e9e du v\u00e9hicule connect\u00e9. R-Link est un syst\u00e8me multim\u00e9dia qui est bas\u00e9 sur Android, chose nouvelle pour Renault. Pour mette \u00e0 jour le R-Link 1, consultez les pages &hellip; <a href=\"https:\/\/www.gps-carminat.com\/v3\/r-link\/\">Continuer la lecture <span class=\"meta-nav\">&rarr;<\/span><\/a><!-- AddThis Advanced Settings generic via filter on get_the_excerpt --><!-- AddThis Share Buttons generic via filter on get_the_excerpt --><\/p>\n","protected":false},"author":1,"featured_media":0,"parent":0,"menu_order":0,"comment_status":"open","ping_status":"open","template":"","meta":{"advanced_seo_description":"","jetpack_seo_html_title":"","jetpack_seo_noindex":false,"footnotes":""},"class_list":["post-558","page","type-page","status-publish","hentry"],"jetpack_sharing_enabled":true,"_links":{"self":[{"href":"https:\/\/www.gps-carminat.com\/v3\/wp-json\/wp\/v2\/pages\/558","targetHints":{"allow":["GET"]}}],"collection":[{"href":"https:\/\/www.gps-carminat.com\/v3\/wp-json\/wp\/v2\/pages"}],"about":[{"href":"https:\/\/www.gps-carminat.com\/v3\/wp-json\/wp\/v2\/types\/page"}],"author":[{"embeddable":true,"href":"https:\/\/www.gps-carminat.com\/v3\/wp-json\/wp\/v2\/users\/1"}],"replies":[{"embeddable":true,"href":"https:\/\/www.gps-carminat.com\/v3\/wp-json\/wp\/v2\/comments?post=558"}],"version-history":[{"count":0,"href":"https:\/\/www.gps-carminat.com\/v3\/wp-json\/wp\/v2\/pages\/558\/revisions"}],"wp:attachment":[{"href":"https:\/\/www.gps-carminat.com\/v3\/wp-json\/wp\/v2\/media?parent=558"}],"curies":[{"name":"wp","href":"https:\/\/api.w.org\/{rel}","templated":true}]}}