{"id":649,"date":"2012-09-10T16:52:35","date_gmt":"2012-09-10T15:52:35","guid":{"rendered":"https:\/\/www.gps-carminat.com\/v3\/?page_id=649"},"modified":"2012-09-10T17:03:09","modified_gmt":"2012-09-10T16:03:09","slug":"mise-a-jour","status":"publish","type":"page","link":"https:\/\/www.gps-carminat.com\/v3\/carminat-navigation-communication\/mise-a-jour\/","title":{"rendered":"Mise \u00e0 jour"},"content":{"rendered":"<p>&nbsp;<\/p>\n<h2><a title=\"Mise \u00e0 jour cartographique\" href=\"https:\/\/www.gps-carminat.com\/v3\/carminat-navigation-communication\/mise-a-jour\/mise-a-jour-cartographique\/\">Mise \u00e0 jour cartographique<\/a><\/h2>\n<h2><a title=\"Mise \u00e0 jour syst\u00e8me\" href=\"https:\/\/www.gps-carminat.com\/v3\/carminat-navigation-communication\/mise-a-jour\/mise-a-jour-systeme\/\">Mise \u00e0 jour syst\u00e8me<\/a><\/h2>\n<!-- AddThis Advanced Settings generic via filter on the_content --><!-- AddThis Share Buttons generic via filter on the_content -->","protected":false},"excerpt":{"rendered":"<p>&nbsp; Mise \u00e0 jour cartographique Mise \u00e0 jour syst\u00e8me<!-- AddThis Advanced Settings generic via filter on get_the_excerpt --><!-- AddThis Share Buttons generic via filter on get_the_excerpt --><\/p>\n","protected":false},"author":1,"featured_media":0,"parent":455,"menu_order":7,"comment_status":"open","ping_status":"open","template":"","meta":{"advanced_seo_description":"","jetpack_seo_html_title":"","jetpack_seo_noindex":false,"footnotes":""},"class_list":["post-649","page","type-page","status-publish","hentry"],"jetpack_sharing_enabled":true,"_links":{"self":[{"href":"https:\/\/www.gps-carminat.com\/v3\/wp-json\/wp\/v2\/pages\/649","targetHints":{"allow":["GET"]}}],"collection":[{"href":"https:\/\/www.gps-carminat.com\/v3\/wp-json\/wp\/v2\/pages"}],"about":[{"href":"https:\/\/www.gps-carminat.com\/v3\/wp-json\/wp\/v2\/types\/page"}],"author":[{"embeddable":true,"href":"https:\/\/www.gps-carminat.com\/v3\/wp-json\/wp\/v2\/users\/1"}],"replies":[{"embeddable":true,"href":"https:\/\/www.gps-carminat.com\/v3\/wp-json\/wp\/v2\/comments?post=649"}],"version-history":[{"count":0,"href":"https:\/\/www.gps-carminat.com\/v3\/wp-json\/wp\/v2\/pages\/649\/revisions"}],"up":[{"embeddable":true,"href":"https:\/\/www.gps-carminat.com\/v3\/wp-json\/wp\/v2\/pages\/455"}],"wp:attachment":[{"href":"https:\/\/www.gps-carminat.com\/v3\/wp-json\/wp\/v2\/media?parent=649"}],"curies":[{"name":"wp","href":"https:\/\/api.w.org\/{rel}","templated":true}]}}